{"id":1962,"date":"2021-01-06T15:45:21","date_gmt":"2021-01-06T14:45:21","guid":{"rendered":"http:\/\/www.lenquetedessens.dealersdescience.com\/?page_id=1962"},"modified":"2021-01-19T12:42:38","modified_gmt":"2021-01-19T11:42:38","slug":"evenement-cine-debat","status":"publish","type":"page","link":"https:\/\/www.lenquetedessens.dealersdescience.com\/index.php\/evenement-cine-debat\/","title":{"rendered":"Cin\u00e9-d\u00e9bat"},"content":{"rendered":"\n<div class=\"wp-block-cover alignfull\" style=\"background-image:url(http:\/\/www.lenquetedessens.dealersdescience.com\/wp-content\/uploads\/2021\/01\/banniere_moule-1.png)\"><div class=\"wp-block-cover__inner-container is-layout-flow wp-block-cover-is-layout-flow\">\n<h1 class=\"has-text-align-center wp-block-heading\"><\/h1>\n\n\n\n<h3 class=\"has-text-align-center wp-block-heading\"><\/h3>\n<\/div><\/div>\n\n\n\n<div style=\"height:45px\" aria-hidden=\"true\" class=\"wp-block-spacer\"><\/div>\n\n\n\n<h1 class=\"has-text-align-center has-text-color wp-block-heading\" style=\"color:#1b2c31\">M\u00e9tro, boulot&#8230; philo !<\/h1>\n\n\n\n<h2 class=\"has-text-align-center has-text-color wp-block-heading\" style=\"color:#0a4bc1\">Cin\u00e9-d\u00e9bat<\/h2>\n\n\n\n<h3 class=\"has-text-align-center has-text-color wp-block-heading\" style=\"color:#e09e2e\">Vendredi 22 Janvier \u00e0 20&nbsp;h sur Livestorm<\/h3>\n\n\n\n<p>Quelle place donne-t-on au travail dans notre soci\u00e9t\u00e9 ? La web-s\u00e9rie documentaire <em>Invisibles<\/em>, r\u00e9alis\u00e9e par Henri Poulain, m\u00e8ne l&rsquo;enqu\u00eate sur les travailleur\u00b7euses du clic, ces emplois dont on ignore souvent l&rsquo;existence. Le d\u00e9bat sera l&rsquo;occasion d&rsquo;entendre les visions d&rsquo;expert\u00b7es sur ce sujet. Seront pr\u00e9sent\u00b7es : Marion Hazera, consultante en psychologie du travail et Jean-Marie Harribey, \u00e9conomiste du travail.<\/p>\n\n\n\n<div style=\"height:45px\" aria-hidden=\"true\" class=\"wp-block-spacer\"><\/div>\n\n\n\n<div class=\"wp-block-image\"><figure class=\"aligncenter size-large\"><img decoding=\"async\" width=\"950\" height=\"529\" src=\"https:\/\/www.lenquetedessens.dealersdescience.com\/wp-content\/uploads\/2021\/01\/ob_2062cb_header-cp.png\" alt=\"\" class=\"wp-image-2694\" srcset=\"https:\/\/www.lenquetedessens.dealersdescience.com\/wp-content\/uploads\/2021\/01\/ob_2062cb_header-cp.png 950w, https:\/\/www.lenquetedessens.dealersdescience.com\/wp-content\/uploads\/2021\/01\/ob_2062cb_header-cp-300x167.png 300w, https:\/\/www.lenquetedessens.dealersdescience.com\/wp-content\/uploads\/2021\/01\/ob_2062cb_header-cp-768x428.png 768w\" sizes=\"(max-width: 950px) 100vw, 950px\" \/><figcaption>\u00a9 FRANCE.TV<br>Invisibles, les travailleurs du clic, web-s\u00e9rie documentaire d&rsquo;Henri Poulain <\/figcaption><\/figure><\/div>\n\n\n\n<div class=\"wp-block-columns is-layout-flex wp-container-core-columns-is-layout-9d6595d7 wp-block-columns-is-layout-flex\">\n<div class=\"wp-block-column is-vertically-aligned-bottom is-layout-flow wp-block-column-is-layout-flow\">\n<div style=\"height:45px\" aria-hidden=\"true\" class=\"wp-block-spacer\"><\/div>\n<\/div>\n<\/div>\n\n\n\n<h3 class=\"has-text-align-center has-text-color wp-block-heading\" style=\"color:#e09e2e\">Infos pratiques <\/h3>\n\n\n\n<p>Le cin\u00e9-d\u00e9bat sera int\u00e9gralement traduit en langue des signes fran\u00e7aise.<\/p>\n\n\n\n<p>\u00c0 <strong>20 h<\/strong> : visionnage des trois premiers \u00e9pisodes de la web-s\u00e9rie documentaire <em>Invisibles<\/em>, les travailleurs du clic.  <\/p>\n\n\n\n<p>\u00c0 <strong>21 <strong>h<\/strong><\/strong> : d\u00e9bat avec nos deux intervenant\u00b7es suivi des questions du public.<\/p>\n\n\n\n<p class=\"has-text-align-center\">Pour assister \u00e0 cet \u00e9v\u00e9nement, merci de vous inscrire en suivant ce lien : <\/p>\n\n\n\n<div class=\"wp-block-buttons aligncenter is-layout-flex wp-block-buttons-is-layout-flex\">\n<div class=\"wp-block-button\"><a class=\"wp-block-button__link has-white-color has-text-color has-background\" href=\"https:\/\/app.livestorm.co\/p\/bccda463-03c6-4c22-ac1e-603c63407a28\" style=\"background-color:#e09e2e\">Inscription<\/a><\/div>\n<\/div>\n\n\n\n<div style=\"height:45px\" aria-hidden=\"true\" class=\"wp-block-spacer\"><\/div>\n\n\n\n<div class=\"wp-block-cover alignfull has-background-dim\" style=\"background-color:#1b2c31;min-height:250px;aspect-ratio:unset;\"><div class=\"wp-block-cover__inner-container is-layout-flow wp-block-cover-is-layout-flow\">\n<h2 class=\"has-white-color has-text-color wp-block-heading\"><span class=\"has-inline-color has-white-color\">\u00c0 propos de Marion hazera<\/span><\/h2>\n\n\n\n<div class=\"wp-block-columns is-layout-flex wp-container-core-columns-is-layout-9d6595d7 wp-block-columns-is-layout-flex\">\n<div class=\"wp-block-column is-layout-flow wp-block-column-is-layout-flow\">\n<div class=\"wp-block-image\"><figure class=\"aligncenter size-large is-resized\"><img decoding=\"async\" src=\"https:\/\/www.lenquetedessens.dealersdescience.com\/wp-content\/uploads\/2021\/01\/Marion_Hazera-1024x1024.jpg\" alt=\"Portrait de Marion Hazera, psychologue du travail, en noir et blanc. Elle affiche un grand sourire. Dans le coin en bas \u00e0 droite, le logo de l'Enqu\u00eate des sens.\" class=\"wp-image-5084\" width=\"300\" height=\"300\" srcset=\"https:\/\/www.lenquetedessens.dealersdescience.com\/wp-content\/uploads\/2021\/01\/Marion_Hazera-1024x1024.jpg 1024w, https:\/\/www.lenquetedessens.dealersdescience.com\/wp-content\/uploads\/2021\/01\/Marion_Hazera-300x300.jpg 300w, https:\/\/www.lenquetedessens.dealersdescience.com\/wp-content\/uploads\/2021\/01\/Marion_Hazera-150x150.jpg 150w, https:\/\/www.lenquetedessens.dealersdescience.com\/wp-content\/uploads\/2021\/01\/Marion_Hazera-768x768.jpg 768w, https:\/\/www.lenquetedessens.dealersdescience.com\/wp-content\/uploads\/2021\/01\/Marion_Hazera-1536x1536.jpg 1536w, https:\/\/www.lenquetedessens.dealersdescience.com\/wp-content\/uploads\/2021\/01\/Marion_Hazera-2048x2048.jpg 2048w\" sizes=\"(max-width: 300px) 100vw, 300px\" \/><figcaption>\u00a9 Marion HAZERA<br>Portrait de Marion Hazera<\/figcaption><\/figure><\/div>\n<\/div>\n\n\n\n<div class=\"wp-block-column is-vertically-aligned-center is-layout-flow wp-block-column-is-layout-flow\">\n<p class=\"has-text-align-left has-black-color has-text-color\"><span class=\"has-inline-color has-white-color\">Marion Hazera est consultante en psychologie du travail. Ses domaines de pr\u00e9dilection sont l\u2019accompagnement des organisations (diagnostic et pr\u00e9vention des risques psychosociaux) et l\u2019accompagnement \u00e0 l\u2019emploi (orientation et bilan, aussi bien scolaire que professionnel). Elle a eu l&rsquo;occasion de travailler dans diff\u00e9rentes structures telles que des cabinets conseil, institutions publiques, entreprises de grande distribution, \u00e9cole priv\u00e9e et publique ou encore dans le milieu associatif. Ce qui lui tient \u00e0 c\u0153ur, c&rsquo;est de cr\u00e9er les conditions pour que le public qu&rsquo;elle accompagne imagine et actionne ses propres solutions avec une vision optimiste du changement.<\/span><\/p>\n\n\n\n<div class=\"wp-block-buttons aligncenter is-layout-flex wp-block-buttons-is-layout-flex\">\n<div class=\"wp-block-button\"><a class=\"wp-block-button__link has-background\" href=\"https:\/\/www.linkedin.com\/in\/marionhazera\/?originalSubdomain=fr\" style=\"background-color:#e09e2e\">LinkedIn de Marion Hazera<\/a><\/div>\n<\/div>\n<\/div>\n<\/div>\n\n\n\n<p><\/p>\n<\/div><\/div>\n\n\n\n<div style=\"height:45px\" aria-hidden=\"true\" class=\"wp-block-spacer\"><\/div>\n\n\n\n<div class=\"wp-block-cover alignfull has-background-dim\" style=\"background-color:#1b2c31;min-height:250px;aspect-ratio:unset;\"><div class=\"wp-block-cover__inner-container is-layout-flow wp-block-cover-is-layout-flow\">\n<h2 class=\"has-text-color wp-block-heading\" style=\"color:#0a4bc1\"><span class=\"has-inline-color has-white-color\">\u00c0 propos de Jean-marie harribey<\/span><\/h2>\n\n\n\n<div class=\"wp-block-columns is-layout-flex wp-container-core-columns-is-layout-9d6595d7 wp-block-columns-is-layout-flex\">\n<div class=\"wp-block-column is-layout-flow wp-block-column-is-layout-flow\">\n<div class=\"wp-block-image\"><figure class=\"aligncenter size-large is-resized\"><img decoding=\"async\" src=\"https:\/\/www.lenquetedessens.dealersdescience.com\/wp-content\/uploads\/2021\/01\/Jean-Marie-Harribey-1024x1024.jpg\" alt=\"Portrait de Jean-Marie Harribey, \u00e9conomiste du travail. Jean-Marie Harribey pose devant un paysage en ext\u00e9rieur brumeux, un habit anti-pluie sur lui. Dans le coin en bas \u00e0 droite, le logo de l'Enqu\u00eate des sens.\" class=\"wp-image-5085\" width=\"300\" height=\"300\" srcset=\"https:\/\/www.lenquetedessens.dealersdescience.com\/wp-content\/uploads\/2021\/01\/Jean-Marie-Harribey-1024x1024.jpg 1024w, https:\/\/www.lenquetedessens.dealersdescience.com\/wp-content\/uploads\/2021\/01\/Jean-Marie-Harribey-300x300.jpg 300w, https:\/\/www.lenquetedessens.dealersdescience.com\/wp-content\/uploads\/2021\/01\/Jean-Marie-Harribey-150x150.jpg 150w, https:\/\/www.lenquetedessens.dealersdescience.com\/wp-content\/uploads\/2021\/01\/Jean-Marie-Harribey-768x768.jpg 768w, https:\/\/www.lenquetedessens.dealersdescience.com\/wp-content\/uploads\/2021\/01\/Jean-Marie-Harribey-1536x1536.jpg 1536w, https:\/\/www.lenquetedessens.dealersdescience.com\/wp-content\/uploads\/2021\/01\/Jean-Marie-Harribey-2048x2048.jpg 2048w\" sizes=\"(max-width: 300px) 100vw, 300px\" \/><figcaption>\u00a9 Jean-Marie HARRIBEY<br>Portrait de Jean-Marie Harribey<\/figcaption><\/figure><\/div>\n<\/div>\n\n\n\n<div class=\"wp-block-column is-vertically-aligned-center is-layout-flow wp-block-column-is-layout-flow\">\n<p class=\"has-black-color has-text-color\"><span class=\"has-inline-color has-white-color\">Jean-Marie Harribey est professeur agr\u00e9g\u00e9 de sciences \u00e9conomiques et sociales et docteur habilit\u00e9 \u00e0 diriger des recherches en sciences \u00e9conomiques. Ses recherches sont ax\u00e9es sur la critique de l&rsquo;\u00e9conomie politique, la th\u00e9orie de la valeur, la socio-\u00e9conomie du travail et de la protection sociale et \u00e9galement sur le d\u00e9veloppement soutenable, l\u2019\u00e9conomie et l\u2019\u00e9cologie. Il a copr\u00e9sid\u00e9 de 2006 \u00e0 2009 l&rsquo;association Attac, et il copr\u00e9side son conseil scientifique depuis 2014. Il a cr\u00e9\u00e9 et anime la revue Les Possibles.<\/span><\/p>\n\n\n\n<div class=\"wp-block-buttons aligncenter is-layout-flex wp-block-buttons-is-layout-flex\">\n<div class=\"wp-block-button\"><a class=\"wp-block-button__link has-background\" href=\"http:\/\/jeanmarieharribey.fr\/\" style=\"background-color:#e09e2e\">Site Web de Jean-Marie Harribey<\/a><\/div>\n<\/div>\n\n\n\n<p><\/p>\n<\/div>\n<\/div>\n\n\n\n<p><\/p>\n<\/div><\/div>\n","protected":false},"excerpt":{"rendered":"<p>M\u00e9tro, boulot&#8230; philo ! Cin\u00e9-d\u00e9bat Vendredi 22 Janvier \u00e0 20&nbsp;h sur Livestorm Quelle place donne-t-on au travail dans notre soci\u00e9t\u00e9 ? La web-s\u00e9rie documentaire Invisibles, r\u00e9alis\u00e9e par Henri Poulain, m\u00e8ne l&rsquo;enqu\u00eate sur les travailleur\u00b7euses du clic, ces emplois dont on ignore souvent l&rsquo;existence. Le d\u00e9bat sera l&rsquo;occasion d&rsquo;entendre les visions d&rsquo;expert\u00b7es sur ce sujet. Seront &hellip;<\/p>\n<p class=\"read-more\"> <a class=\"\" href=\"https:\/\/www.lenquetedessens.dealersdescience.com\/index.php\/evenement-cine-debat\/\"> <span class=\"screen-reader-text\">Cin\u00e9-d\u00e9bat<\/span> Lire la suite\u00a0\u00bb<\/a><\/p>\n","protected":false},"author":12,"featured_media":681,"parent":0,"menu_order":0,"comment_status":"closed","ping_status":"closed","template":"","meta":{"site-sidebar-layout":"no-sidebar","site-content-layout":"default","ast-main-header-display":"","ast-hfb-above-header-display":"","ast-hfb-below-header-display":"","ast-hfb-mobile-header-display":"","site-post-title":"","ast-breadcrumbs-content":"","ast-featured-img":"","footer-sml-layout":"","theme-transparent-header-meta":"default","adv-header-id-meta":"","stick-header-meta":"","header-above-stick-meta":"","header-main-stick-meta":"","header-below-stick-meta":"","footnotes":""},"class_list":["post-1962","page","type-page","status-publish","has-post-thumbnail","hentry"],"_links":{"self":[{"href":"https:\/\/www.lenquetedessens.dealersdescience.com\/index.php\/wp-json\/wp\/v2\/pages\/1962","targetHints":{"allow":["GET"]}}],"collection":[{"href":"https:\/\/www.lenquetedessens.dealersdescience.com\/index.php\/wp-json\/wp\/v2\/pages"}],"about":[{"href":"https:\/\/www.lenquetedessens.dealersdescience.com\/index.php\/wp-json\/wp\/v2\/types\/page"}],"author":[{"embeddable":true,"href":"https:\/\/www.lenquetedessens.dealersdescience.com\/index.php\/wp-json\/wp\/v2\/users\/12"}],"replies":[{"embeddable":true,"href":"https:\/\/www.lenquetedessens.dealersdescience.com\/index.php\/wp-json\/wp\/v2\/comments?post=1962"}],"version-history":[{"count":93,"href":"https:\/\/www.lenquetedessens.dealersdescience.com\/index.php\/wp-json\/wp\/v2\/pages\/1962\/revisions"}],"predecessor-version":[{"id":5789,"href":"https:\/\/www.lenquetedessens.dealersdescience.com\/index.php\/wp-json\/wp\/v2\/pages\/1962\/revisions\/5789"}],"wp:featuredmedia":[{"embeddable":true,"href":"https:\/\/www.lenquetedessens.dealersdescience.com\/index.php\/wp-json\/wp\/v2\/media\/681"}],"wp:attachment":[{"href":"https:\/\/www.lenquetedessens.dealersdescience.com\/index.php\/wp-json\/wp\/v2\/media?parent=1962"}],"curies":[{"name":"wp","href":"https:\/\/api.w.org\/{rel}","templated":true}]}}

Ciné-débat

<div class="wp-block-cover alignfull" style="background-image:url(http://www.lenquetedessens.dealersdescience.com/wp-content/uploads/2021/01/banniere_moule-1.png)"><div class="wp-block-cover__inner-container is-layout-flow wp-block-cover-is-layout-flow">
<h1 class="has-text-align-center wp-block-heading"></h1>



<h3 class="has-text-align-center wp-block-heading"></h3>
</div></div>



<div style="height:45px" aria-hidden="true" class="wp-block-spacer"></div>



<h1 class="has-text-align-center has-text-color wp-block-heading" style="color:#1b2c31">Métro, boulot&#8230; philo !</h1>



<h2 class="has-text-align-center has-text-color wp-block-heading" style="color:#0a4bc1">Ciné-débat</h2>



<h3 class="has-text-align-center has-text-color wp-block-heading" style="color:#e09e2e">Vendredi 22 Janvier à 20&nbsp;h sur Livestorm</h3>



<p>Quelle place donne-t-on au travail dans notre société ? La web-série documentaire <em>Invisibles</em>, réalisée par Henri Poulain, mène l&rsquo;enquête sur les travailleur·euses du clic, ces emplois dont on ignore souvent l&rsquo;existence. Le débat sera l&rsquo;occasion d&rsquo;entendre les visions d&rsquo;expert·es sur ce sujet. Seront présent·es : Marion Hazera, consultante en psychologie du travail et Jean-Marie Harribey, économiste du travail.</p>



<div style="height:45px" aria-hidden="true" class="wp-block-spacer"></div>



<div class="wp-block-image"><figure class="aligncenter size-large"><img decoding="async" width="950" height="529" src="https://www.lenquetedessens.dealersdescience.com/wp-content/uploads/2021/01/ob_2062cb_header-cp.png" alt="" class="wp-image-2694" srcset="https://www.lenquetedessens.dealersdescience.com/wp-content/uploads/2021/01/ob_2062cb_header-cp.png 950w, https://www.lenquetedessens.dealersdescience.com/wp-content/uploads/2021/01/ob_2062cb_header-cp-300x167.png 300w, https://www.lenquetedessens.dealersdescience.com/wp-content/uploads/2021/01/ob_2062cb_header-cp-768x428.png 768w" sizes="(max-width: 950px) 100vw, 950px" /><figcaption>© FRANCE.TV<br>Invisibles, les travailleurs du clic, web-série documentaire d&rsquo;Henri Poulain </figcaption></figure></div>



<div class="wp-block-columns is-layout-flex wp-container-core-columns-is-layout-9d6595d7 wp-block-columns-is-layout-flex">
<div class="wp-block-column is-vertically-aligned-bottom is-layout-flow wp-block-column-is-layout-flow">
<div style="height:45px" aria-hidden="true" class="wp-block-spacer"></div>
</div>
</div>



<h3 class="has-text-align-center has-text-color wp-block-heading" style="color:#e09e2e">Infos pratiques </h3>



<p>Le ciné-débat sera intégralement traduit en langue des signes française.</p>



<p>À <strong>20 h</strong> : visionnage des trois premiers épisodes de la web-série documentaire <em>Invisibles</em>, les travailleurs du clic.  </p>



<p>À <strong>21 <strong>h</strong></strong> : débat avec nos deux intervenant·es suivi des questions du public.</p>



<p class="has-text-align-center">Pour assister à cet événement, merci de vous inscrire en suivant ce lien : </p>



<div class="wp-block-buttons aligncenter is-layout-flex wp-block-buttons-is-layout-flex">
<div class="wp-block-button"><a class="wp-block-button__link has-white-color has-text-color has-background" href="https://app.livestorm.co/p/bccda463-03c6-4c22-ac1e-603c63407a28" style="background-color:#e09e2e">Inscription</a></div>
</div>



<div style="height:45px" aria-hidden="true" class="wp-block-spacer"></div>



<div class="wp-block-cover alignfull has-background-dim" style="background-color:#1b2c31;min-height:250px;aspect-ratio:unset;"><div class="wp-block-cover__inner-container is-layout-flow wp-block-cover-is-layout-flow">
<h2 class="has-white-color has-text-color wp-block-heading"><span class="has-inline-color has-white-color">À propos de Marion hazera</span></h2>



<div class="wp-block-columns is-layout-flex wp-container-core-columns-is-layout-9d6595d7 wp-block-columns-is-layout-flex">
<div class="wp-block-column is-layout-flow wp-block-column-is-layout-flow">
<div class="wp-block-image"><figure class="aligncenter size-large is-resized"><img decoding="async" src="https://www.lenquetedessens.dealersdescience.com/wp-content/uploads/2021/01/Marion_Hazera-1024x1024.jpg" alt="Portrait de Marion Hazera, psychologue du travail, en noir et blanc. Elle affiche un grand sourire. Dans le coin en bas à droite, le logo de l'Enquête des sens." class="wp-image-5084" width="300" height="300" srcset="https://www.lenquetedessens.dealersdescience.com/wp-content/uploads/2021/01/Marion_Hazera-1024x1024.jpg 1024w, https://www.lenquetedessens.dealersdescience.com/wp-content/uploads/2021/01/Marion_Hazera-300x300.jpg 300w, https://www.lenquetedessens.dealersdescience.com/wp-content/uploads/2021/01/Marion_Hazera-150x150.jpg 150w, https://www.lenquetedessens.dealersdescience.com/wp-content/uploads/2021/01/Marion_Hazera-768x768.jpg 768w, https://www.lenquetedessens.dealersdescience.com/wp-content/uploads/2021/01/Marion_Hazera-1536x1536.jpg 1536w, https://www.lenquetedessens.dealersdescience.com/wp-content/uploads/2021/01/Marion_Hazera-2048x2048.jpg 2048w" sizes="(max-width: 300px) 100vw, 300px" /><figcaption>© Marion HAZERA<br>Portrait de Marion Hazera</figcaption></figure></div>
</div>



<div class="wp-block-column is-vertically-aligned-center is-layout-flow wp-block-column-is-layout-flow">
<p class="has-text-align-left has-black-color has-text-color"><span class="has-inline-color has-white-color">Marion Hazera est consultante en psychologie du travail. Ses domaines de prédilection sont l’accompagnement des organisations (diagnostic et prévention des risques psychosociaux) et l’accompagnement à l’emploi (orientation et bilan, aussi bien scolaire que professionnel). Elle a eu l&rsquo;occasion de travailler dans différentes structures telles que des cabinets conseil, institutions publiques, entreprises de grande distribution, école privée et publique ou encore dans le milieu associatif. Ce qui lui tient à cœur, c&rsquo;est de créer les conditions pour que le public qu&rsquo;elle accompagne imagine et actionne ses propres solutions avec une vision optimiste du changement.</span></p>



<div class="wp-block-buttons aligncenter is-layout-flex wp-block-buttons-is-layout-flex">
<div class="wp-block-button"><a class="wp-block-button__link has-background" href="https://www.linkedin.com/in/marionhazera/?originalSubdomain=fr" style="background-color:#e09e2e">LinkedIn de Marion Hazera</a></div>
</div>
</div>
</div>



<p></p>
</div></div>



<div style="height:45px" aria-hidden="true" class="wp-block-spacer"></div>



<div class="wp-block-cover alignfull has-background-dim" style="background-color:#1b2c31;min-height:250px;aspect-ratio:unset;"><div class="wp-block-cover__inner-container is-layout-flow wp-block-cover-is-layout-flow">
<h2 class="has-text-color wp-block-heading" style="color:#0a4bc1"><span class="has-inline-color has-white-color">À propos de Jean-marie harribey</span></h2>



<div class="wp-block-columns is-layout-flex wp-container-core-columns-is-layout-9d6595d7 wp-block-columns-is-layout-flex">
<div class="wp-block-column is-layout-flow wp-block-column-is-layout-flow">
<div class="wp-block-image"><figure class="aligncenter size-large is-resized"><img decoding="async" src="https://www.lenquetedessens.dealersdescience.com/wp-content/uploads/2021/01/Jean-Marie-Harribey-1024x1024.jpg" alt="Portrait de Jean-Marie Harribey, économiste du travail. Jean-Marie Harribey pose devant un paysage en extérieur brumeux, un habit anti-pluie sur lui. Dans le coin en bas à droite, le logo de l'Enquête des sens." class="wp-image-5085" width="300" height="300" srcset="https://www.lenquetedessens.dealersdescience.com/wp-content/uploads/2021/01/Jean-Marie-Harribey-1024x1024.jpg 1024w, https://www.lenquetedessens.dealersdescience.com/wp-content/uploads/2021/01/Jean-Marie-Harribey-300x300.jpg 300w, https://www.lenquetedessens.dealersdescience.com/wp-content/uploads/2021/01/Jean-Marie-Harribey-150x150.jpg 150w, https://www.lenquetedessens.dealersdescience.com/wp-content/uploads/2021/01/Jean-Marie-Harribey-768x768.jpg 768w, https://www.lenquetedessens.dealersdescience.com/wp-content/uploads/2021/01/Jean-Marie-Harribey-1536x1536.jpg 1536w, https://www.lenquetedessens.dealersdescience.com/wp-content/uploads/2021/01/Jean-Marie-Harribey-2048x2048.jpg 2048w" sizes="(max-width: 300px) 100vw, 300px" /><figcaption>© Jean-Marie HARRIBEY<br>Portrait de Jean-Marie Harribey</figcaption></figure></div>
</div>



<div class="wp-block-column is-vertically-aligned-center is-layout-flow wp-block-column-is-layout-flow">
<p class="has-black-color has-text-color"><span class="has-inline-color has-white-color">Jean-Marie Harribey est professeur agrégé de sciences économiques et sociales et docteur habilité à diriger des recherches en sciences économiques. Ses recherches sont axées sur la critique de l&rsquo;économie politique, la théorie de la valeur, la socio-économie du travail et de la protection sociale et également sur le développement soutenable, l’économie et l’écologie. Il a coprésidé de 2006 à 2009 l&rsquo;association Attac, et il copréside son conseil scientifique depuis 2014. Il a créé et anime la revue Les Possibles.</span></p>



<div class="wp-block-buttons aligncenter is-layout-flex wp-block-buttons-is-layout-flex">
<div class="wp-block-button"><a class="wp-block-button__link has-background" href="http://jeanmarieharribey.fr/" style="background-color:#e09e2e">Site Web de Jean-Marie Harribey</a></div>
</div>



<p></p>
</div>
</div>



<p></p>
</div></div>

<p>Métro, boulot&#8230; philo ! Ciné-débat Vendredi 22 Janvier à 20&nbsp;h sur Livestorm Quelle place donne-t-on au travail dans notre société ? La web-série documentaire Invisibles, réalisée par Henri Poulain, mène l&rsquo;enquête sur les travailleur·euses du clic, ces emplois dont on ignore souvent l&rsquo;existence. Le débat sera l&rsquo;occasion d&rsquo;entendre les visions d&rsquo;expert·es sur ce sujet. Seront &hellip;</p>
<p class="read-more"> <a class="" href="https://www.lenquetedessens.dealersdescience.com/index.php/evenement-cine-debat/"> <span class="screen-reader-text">Ciné-débat</span> Lire la suite »</a></p>
