{"id":2708,"date":"2021-01-18T15:04:27","date_gmt":"2021-01-18T14:04:27","guid":{"rendered":"https:\/\/www.lenquetedessens.dealersdescience.com\/?page_id=2708"},"modified":"2021-01-19T12:43:07","modified_gmt":"2021-01-19T11:43:07","slug":"evenements-conference-debat","status":"publish","type":"page","link":"https:\/\/www.lenquetedessens.dealersdescience.com\/index.php\/evenements-conference-debat\/","title":{"rendered":"Conf\u00e9rence-D\u00e9bat"},"content":{"rendered":"\n<div class=\"wp-block-cover alignfull\" style=\"background-image:url(https:\/\/www.lenquetedessens.dealersdescience.com\/wp-content\/uploads\/2021\/01\/banniere-conf-scaled.jpg)\"><div class=\"wp-block-cover__inner-container is-layout-flow wp-block-cover-is-layout-flow\">\n<h1 class=\"has-text-align-center wp-block-heading\"><\/h1>\n\n\n\n<h3 class=\"has-text-align-center wp-block-heading\"><\/h3>\n<\/div><\/div>\n\n\n\n<div style=\"height:45px\" aria-hidden=\"true\" class=\"wp-block-spacer\"><\/div>\n\n\n\n<h1 class=\"has-text-align-center has-text-color wp-block-heading\" style=\"color:#1b2c31\">L&rsquo;ESSENCE DE L&rsquo;HUMOUR<\/h1>\n\n\n\n<h2 class=\"has-text-align-center has-text-color wp-block-heading\" style=\"color:#0a4bc1\">CONF\u00c9RENCE-D\u00c9BAT<\/h2>\n\n\n\n<h3 class=\"has-text-align-center has-text-color wp-block-heading\" style=\"color:#e09e2e\">Mardi 19 janvier \u00e0 20&nbsp;h sur Livestorm<\/h3>\n\n\n\n<p>Cette ann\u00e9e, le temps fort inaugural de la semaine, la conf\u00e9rence-d\u00e9bat, portera sur le th\u00e8me du sens de l\u2019humour. Trois expert\u00b7es aborderont entre autres les myst\u00e9rieux m\u00e9canismes du rire, ses bases psychologiques et culturelles. Menez l&rsquo;enqu\u00eate sur l\u2019essence d\u2019une blague r\u00e9ussie&#8230; ou non ! <\/p>\n\n\n\n<p>Le d\u00e9bat sera l&rsquo;occasion d&rsquo;entendre les visions de sp\u00e9cialistes sur le sujet. Seront pr\u00e9sent\u00b7es : <\/p>\n\n\n\n<p>Didier Beaujardin, sp\u00e9cialiste de l\u2019\u00e9criture de discours et de l\u2019\u00e9crit d\u00e9di\u00e9 \u00e0 la pratique de l\u2019oral,<br>Cled&rsquo;12, dessinateur de presse,<br>Marie Duret-Pujol, ma\u00eetresse de conf\u00e9rences d&rsquo;\u00e9tudes th\u00e9\u00e2trales, Universit\u00e9 Bordeaux Montaigne (laboratoire CLARE\/ Artes).<\/p>\n\n\n\n<div style=\"height:45px\" aria-hidden=\"true\" class=\"wp-block-spacer\"><\/div>\n\n\n\n<h3 class=\"has-text-align-center has-text-color wp-block-heading\" style=\"color:#e09e2e\">Infos pratiques <\/h3>\n\n\n\n<p>La conf\u00e9rence-d\u00e9bat sera int\u00e9gralement traduite en langue des signes fran\u00e7aise.<\/p>\n\n\n\n<p>\u00c0 <strong>20 h<\/strong> : table ronde<br>\u00c0 <strong>21 h <\/strong>: questions du public<\/p>\n\n\n\n<p class=\"has-text-align-center\">Pour assister \u00e0 cet \u00e9v\u00e9nement, merci de vous inscrire en suivant ce lien : <\/p>\n\n\n\n<div class=\"wp-block-buttons aligncenter is-layout-flex wp-block-buttons-is-layout-flex\">\n<div class=\"wp-block-button\"><a class=\"wp-block-button__link has-white-color has-text-color has-background\" href=\"https:\/\/app.livestorm.co\/p\/4f11e24c-77d4-4df5-b2e7-c26e7fe97b8c\" style=\"background-color:#e09e2e\">Inscription<\/a><\/div>\n<\/div>\n\n\n\n<div style=\"height:45px\" aria-hidden=\"true\" class=\"wp-block-spacer\"><\/div>\n\n\n\n<div class=\"wp-block-cover alignfull has-background-dim\" style=\"background-color:#1b2c31\"><div class=\"wp-block-cover__inner-container is-layout-flow wp-block-cover-is-layout-flow\">\n<h2 class=\"has-white-color has-text-color wp-block-heading\">\u00e0 propos de Marie Duret-Pujol<\/h2>\n\n\n\n<div class=\"wp-block-columns is-layout-flex wp-container-core-columns-is-layout-9d6595d7 wp-block-columns-is-layout-flex\">\n<div class=\"wp-block-column is-layout-flow wp-block-column-is-layout-flow\">\n<div class=\"wp-block-image\"><figure class=\"aligncenter size-large is-resized\"><img decoding=\"async\" src=\"https:\/\/www.lenquetedessens.dealersdescience.com\/wp-content\/uploads\/2021\/01\/Marie_Duret-Pujol-1024x1024.jpg\" alt=\"Marie Duret-Pujol, une femme aux cheveux blonds, habill\u00e9e en blanc et bleu clair. Elle sourit. En arri\u00e8re plan se trouve de la v\u00e9g\u00e9tation. En bas \u00e0 droite se trouve le logo de l'Enqu\u00eate des sens.\" class=\"wp-image-5089\" width=\"300\" height=\"300\" srcset=\"https:\/\/www.lenquetedessens.dealersdescience.com\/wp-content\/uploads\/2021\/01\/Marie_Duret-Pujol-1024x1024.jpg 1024w, https:\/\/www.lenquetedessens.dealersdescience.com\/wp-content\/uploads\/2021\/01\/Marie_Duret-Pujol-300x300.jpg 300w, https:\/\/www.lenquetedessens.dealersdescience.com\/wp-content\/uploads\/2021\/01\/Marie_Duret-Pujol-150x150.jpg 150w, https:\/\/www.lenquetedessens.dealersdescience.com\/wp-content\/uploads\/2021\/01\/Marie_Duret-Pujol-768x768.jpg 768w, https:\/\/www.lenquetedessens.dealersdescience.com\/wp-content\/uploads\/2021\/01\/Marie_Duret-Pujol-1536x1536.jpg 1536w, https:\/\/www.lenquetedessens.dealersdescience.com\/wp-content\/uploads\/2021\/01\/Marie_Duret-Pujol-2048x2048.jpg 2048w\" sizes=\"(max-width: 300px) 100vw, 300px\" \/><figcaption>\u00a9 Marie DURET-PUJOL<br>Portrait de Marie Duret-Pujol<\/figcaption><\/figure><\/div>\n<\/div>\n\n\n\n<div class=\"wp-block-column is-layout-flow wp-block-column-is-layout-flow\">\n<p class=\"has-text-align-left has-white-color has-text-color\">Marie Duret-Pujol est ma\u00eetresse de conf\u00e9rences d&rsquo;\u00e9tudes th\u00e9\u00e2trales \u00e0 l&rsquo;Universit\u00e9 Bordeaux Montaigne (laboratoire Artes) et sp\u00e9cialiste du comique. Derniers ouvrages publi\u00e9s : <em>Coluche pr\u00e9sident : Histoire de la candidature d\u2019un con<\/em> (\u00c9d. du bord de l\u2019eau, 2018) ; <em>Les sc\u00e8nes de l\u2019humour<\/em>, co-dirig\u00e9 avec Nelly Quemener (Presses Universitaires de Bordeaux, 2020). Elle est \u00e9galement l\u2019une des membres fondateurs du R\u00e9seau Interdisciplinaire de Recherches sur l\u2019Humour (RIRH).<\/p>\n<\/div>\n<\/div>\n<\/div><\/div>\n\n\n\n<div style=\"height:45px\" aria-hidden=\"true\" class=\"wp-block-spacer\"><\/div>\n\n\n\n<div class=\"wp-block-cover alignfull has-background-dim\" style=\"background-color:#1b2c31\"><div class=\"wp-block-cover__inner-container is-layout-flow wp-block-cover-is-layout-flow\">\n<h2 class=\"has-white-color has-text-color wp-block-heading\">\u00e0 propos de Jacques Sardat \/ Cled&rsquo;12<\/h2>\n\n\n\n<div class=\"wp-block-columns is-layout-flex wp-container-core-columns-is-layout-9d6595d7 wp-block-columns-is-layout-flex\">\n<div class=\"wp-block-column is-layout-flow wp-block-column-is-layout-flow\">\n<div class=\"wp-block-image\"><figure class=\"aligncenter size-large is-resized\"><img decoding=\"async\" src=\"https:\/\/www.lenquetedessens.dealersdescience.com\/wp-content\/uploads\/2021\/01\/Cled12-1024x1024.jpg\" alt=\"Cled'12 ou Jacques Sardat. Un homme, aux lunettes blanches et rouge, il sourit. Habill\u00e9 en gris, sa main est pos\u00e9e sur son menton. En arri\u00e8re plan, certains de ses dessins humoristiques sont pr\u00e9sents. En bas \u00e0 droite se trouve le logo de l'Enqu\u00eate des sens.\" class=\"wp-image-5088\" width=\"300\" height=\"300\" srcset=\"https:\/\/www.lenquetedessens.dealersdescience.com\/wp-content\/uploads\/2021\/01\/Cled12-1024x1024.jpg 1024w, https:\/\/www.lenquetedessens.dealersdescience.com\/wp-content\/uploads\/2021\/01\/Cled12-300x300.jpg 300w, https:\/\/www.lenquetedessens.dealersdescience.com\/wp-content\/uploads\/2021\/01\/Cled12-150x150.jpg 150w, https:\/\/www.lenquetedessens.dealersdescience.com\/wp-content\/uploads\/2021\/01\/Cled12-768x768.jpg 768w, https:\/\/www.lenquetedessens.dealersdescience.com\/wp-content\/uploads\/2021\/01\/Cled12-1536x1536.jpg 1536w, https:\/\/www.lenquetedessens.dealersdescience.com\/wp-content\/uploads\/2021\/01\/Cled12-2048x2048.jpg 2048w\" sizes=\"(max-width: 300px) 100vw, 300px\" \/><figcaption>\u00a9 CLED&rsquo;12<br>Portrait de CLED&rsquo;12<\/figcaption><\/figure><\/div>\n<\/div>\n\n\n\n<div class=\"wp-block-column is-layout-flow wp-block-column-is-layout-flow\">\n<p class=\"has-text-align-left has-white-color has-text-color\">Depuis une trentaine d&rsquo;ann\u00e9es, je travaille comme dessinateur sous le nom de CLED\u201912 pour de nombreuses publications sur des th\u00e8mes vari\u00e9s. Mais mon plus gros plaisir est de dessiner en direct lors d\u2019\u00e9v\u00e9nements (colloques, d\u00e9bats, s\u00e9minaires\u2026). Bas\u00e9 sur Grenoble, je tourne autour de l\u2019Hexagone (de Douai \u00e0 Nice, \u00e0 Bordeaux ou Nancy\u2026 voire en Suisse). La communaut\u00e9 europ\u00e9enne \u00e9tait int\u00e9ress\u00e9e, mais en anglais (It\u2019s not possibeul&nbsp;!). le Qu\u00e9bec aussi, mais les co\u00fbts de d\u00e9placements \u00e9taient dissuasifs&nbsp;! Snif&nbsp;!<\/p>\n<\/div>\n<\/div>\n<\/div><\/div>\n\n\n\n<div style=\"height:45px\" aria-hidden=\"true\" class=\"wp-block-spacer\"><\/div>\n\n\n\n<div class=\"wp-block-cover alignfull has-background-dim\" style=\"background-color:#1b2c31\"><div class=\"wp-block-cover__inner-container is-layout-flow wp-block-cover-is-layout-flow\">\n<h2 class=\"has-white-color has-text-color wp-block-heading\">\u00e0 propos de Didier Beaujardin<\/h2>\n\n\n\n<div class=\"wp-block-columns is-layout-flex wp-container-core-columns-is-layout-9d6595d7 wp-block-columns-is-layout-flex\">\n<div class=\"wp-block-column is-layout-flow wp-block-column-is-layout-flow\">\n<div class=\"wp-block-image\"><figure class=\"aligncenter size-large is-resized\"><img decoding=\"async\" src=\"https:\/\/www.lenquetedessens.dealersdescience.com\/wp-content\/uploads\/2021\/01\/Didier_Beaujardin_1-1024x1024.jpg\" alt=\"Une photo en nuances de gris de Didier Beaujardin, un homme qui sourit, les cheveux boucl\u00e9s. En bas \u00e0 droite se trouve le logo de l'Enqu\u00eate des sens.\" class=\"wp-image-5092\" width=\"300\" height=\"300\" srcset=\"https:\/\/www.lenquetedessens.dealersdescience.com\/wp-content\/uploads\/2021\/01\/Didier_Beaujardin_1-1024x1024.jpg 1024w, https:\/\/www.lenquetedessens.dealersdescience.com\/wp-content\/uploads\/2021\/01\/Didier_Beaujardin_1-300x300.jpg 300w, https:\/\/www.lenquetedessens.dealersdescience.com\/wp-content\/uploads\/2021\/01\/Didier_Beaujardin_1-150x150.jpg 150w, https:\/\/www.lenquetedessens.dealersdescience.com\/wp-content\/uploads\/2021\/01\/Didier_Beaujardin_1-768x768.jpg 768w, https:\/\/www.lenquetedessens.dealersdescience.com\/wp-content\/uploads\/2021\/01\/Didier_Beaujardin_1-1536x1536.jpg 1536w, https:\/\/www.lenquetedessens.dealersdescience.com\/wp-content\/uploads\/2021\/01\/Didier_Beaujardin_1-2048x2048.jpg 2048w\" sizes=\"(max-width: 300px) 100vw, 300px\" \/><figcaption>@ Didier BEAUJARDIN<br>Portrait de Didier Beaujardin<\/figcaption><\/figure><\/div>\n<\/div>\n\n\n\n<div class=\"wp-block-column is-layout-flow wp-block-column-is-layout-flow\">\n<p class=\"has-text-align-left has-white-color has-text-color\">Journaliste de formation, Didier Beaujardin a travaill\u00e9 en tant que r\u00e9dacteur en chef de plusieurs stations radio (Europe 2, RFM). Il a ensuite rejoint un cabinet politique en tant que <em>speechwritter<\/em> puis la direction de la communication du Conseil d\u00e9partemental de la Gironde. L\u2019exploration de ces diff\u00e9rentes sph\u00e8res de la communication l\u2019a amen\u00e9 \u00e0 devenir ma\u00eetre de conf\u00e9rences associ\u00e9 \u00e0 l\u2019ISIC, o\u00f9 il enseigne aujourd\u2019hui. Ses sp\u00e9cialit\u00e9s &#8211; le journalisme institutionnel, l\u2019\u00e9criture de discours et l\u2019\u00e9crit d\u00e9di\u00e9 \u00e0 la pratique de l\u2019oral &#8211; l\u2019ont aussi conduit \u00e0 la musicologie et particuli\u00e8rement \u00e0 la chanson francophone.<\/p>\n<\/div>\n<\/div>\n<\/div><\/div>\n\n\n\n<div class=\"wp-block-columns alignfull is-layout-flex wp-container-core-columns-is-layout-9d6595d7 wp-block-columns-is-layout-flex\">\n<div class=\"wp-block-column is-vertically-aligned-center is-layout-flow wp-block-column-is-layout-flow\">\n<p><\/p>\n<\/div>\n<\/div>\n\n\n\n<div style=\"height:45px\" aria-hidden=\"true\" class=\"wp-block-spacer\"><\/div>\n","protected":false},"excerpt":{"rendered":"<p>L&rsquo;ESSENCE DE L&rsquo;HUMOUR CONF\u00c9RENCE-D\u00c9BAT Mardi 19 janvier \u00e0 20&nbsp;h sur Livestorm Cette ann\u00e9e, le temps fort inaugural de la semaine, la conf\u00e9rence-d\u00e9bat, portera sur le th\u00e8me du sens de l\u2019humour. Trois expert\u00b7es aborderont entre autres les myst\u00e9rieux m\u00e9canismes du rire, ses bases psychologiques et culturelles. Menez l&rsquo;enqu\u00eate sur l\u2019essence d\u2019une blague r\u00e9ussie&#8230; ou non ! &hellip;<\/p>\n<p class=\"read-more\"> <a class=\"\" href=\"https:\/\/www.lenquetedessens.dealersdescience.com\/index.php\/evenements-conference-debat\/\"> <span class=\"screen-reader-text\">Conf\u00e9rence-D\u00e9bat<\/span> Lire la suite\u00a0\u00bb<\/a><\/p>\n","protected":false},"author":4,"featured_media":3422,"parent":0,"menu_order":0,"comment_status":"closed","ping_status":"closed","template":"","meta":{"site-sidebar-layout":"no-sidebar","site-content-layout":"default","ast-main-header-display":"","ast-hfb-above-header-display":"","ast-hfb-below-header-display":"","ast-hfb-mobile-header-display":"","site-post-title":"","ast-breadcrumbs-content":"","ast-featured-img":"","footer-sml-layout":"","theme-transparent-header-meta":"default","adv-header-id-meta":"","stick-header-meta":"","header-above-stick-meta":"","header-main-stick-meta":"","header-below-stick-meta":"","footnotes":""},"class_list":["post-2708","page","type-page","status-publish","has-post-thumbnail","hentry"],"_links":{"self":[{"href":"https:\/\/www.lenquetedessens.dealersdescience.com\/index.php\/wp-json\/wp\/v2\/pages\/2708","targetHints":{"allow":["GET"]}}],"collection":[{"href":"https:\/\/www.lenquetedessens.dealersdescience.com\/index.php\/wp-json\/wp\/v2\/pages"}],"about":[{"href":"https:\/\/www.lenquetedessens.dealersdescience.com\/index.php\/wp-json\/wp\/v2\/types\/page"}],"author":[{"embeddable":true,"href":"https:\/\/www.lenquetedessens.dealersdescience.com\/index.php\/wp-json\/wp\/v2\/users\/4"}],"replies":[{"embeddable":true,"href":"https:\/\/www.lenquetedessens.dealersdescience.com\/index.php\/wp-json\/wp\/v2\/comments?post=2708"}],"version-history":[{"count":30,"href":"https:\/\/www.lenquetedessens.dealersdescience.com\/index.php\/wp-json\/wp\/v2\/pages\/2708\/revisions"}],"predecessor-version":[{"id":5765,"href":"https:\/\/www.lenquetedessens.dealersdescience.com\/index.php\/wp-json\/wp\/v2\/pages\/2708\/revisions\/5765"}],"wp:featuredmedia":[{"embeddable":true,"href":"https:\/\/www.lenquetedessens.dealersdescience.com\/index.php\/wp-json\/wp\/v2\/media\/3422"}],"wp:attachment":[{"href":"https:\/\/www.lenquetedessens.dealersdescience.com\/index.php\/wp-json\/wp\/v2\/media?parent=2708"}],"curies":[{"name":"wp","href":"https:\/\/api.w.org\/{rel}","templated":true}]}}