{"id":430,"date":"2021-01-18T09:26:43","date_gmt":"2021-01-18T08:26:43","guid":{"rendered":"http:\/\/www.lenquetedessens.dealersdescience.com\/?page_id=430"},"modified":"2021-01-19T12:45:34","modified_gmt":"2021-01-19T11:45:34","slug":"credits","status":"publish","type":"page","link":"https:\/\/www.lenquetedessens.dealersdescience.com\/index.php\/credits\/","title":{"rendered":"Cr\u00e9dits"},"content":{"rendered":"\n<div class=\"wp-block-cover alignfull\" style=\"background-image:url(https:\/\/www.lenquetedessens.dealersdescience.com\/wp-content\/uploads\/2021\/01\/banniere_generale-scaled.jpg);min-height:411px;background-position:48% 42%;aspect-ratio:unset;\"><div class=\"wp-block-cover__inner-container is-layout-flow wp-block-cover-is-layout-flow\">\n<p class=\"has-text-align-center has-large-font-size\"><\/p>\n<\/div><\/div>\n\n\n\n<div style=\"height:45px\" aria-hidden=\"true\" class=\"wp-block-spacer\"><\/div>\n\n\n\n<h1 class=\"has-text-align-center has-text-color wp-block-heading\" style=\"color:#1b2c31\">Cr\u00e9dits<\/h1>\n\n\n\n<h2 class=\"has-text-color wp-block-heading\" style=\"color:#0a4bc1\">Conception et r\u00e9alisation du site Internet<\/h2>\n\n\n\n<p>Cl\u00e9mence Casanova et M\u00e9lanie Toto.<\/p>\n\n\n\n<p>Avec la participation des autres \u00e9tudiant\u00b7es du master M\u00e9diation des sciences.<\/p>\n\n\n\n<h2 class=\"has-text-color wp-block-heading\" style=\"color:#0a4bc1\">Auteur\u00b7rices des textes<\/h2>\n\n\n\n<p>Les \u00e9tudiant\u00b7es du master Information et m\u00e9diation scientifique et technique, parcours M\u00e9diation des sciences (UFR Sciences des territoires et de la communication) sont concepteur\u00b7rices et r\u00e9alisateur\u00b7rices de ce site internet.<\/p>\n\n\n\n<p>Co-habilit\u00e9 par l\u2019Universit\u00e9 Bordeaux Montaigne et l\u2019Universit\u00e9 de Bordeaux, le master Information et m\u00e9diation scientifique et technique a pour ambition d\u2019\u00e9tudier la science, son discours, ses concepts, ses relations avec la soci\u00e9t\u00e9, dans leurs dimensions historiques, philosophiques, sociologiques, \u00e9thiques et communicationnelles.<\/p>\n\n\n\n<h3 class=\"has-text-color wp-block-heading\" style=\"color:#e09e2e\">Page d&rsquo;accueil et r\u00e9seaux sociaux<\/h3>\n\n\n\n<p>Nathan Florent, N\u00e9ph\u00e9lie Godin, Ana Hiquet-Sanchez, Lucile Landais, Justine Renno et Aksel Tourte.<\/p>\n\n\n\n<h3 class=\"has-text-color wp-block-heading\" style=\"color:#e09e2e\">Exposition<\/h3>\n\n\n\n<ul class=\"wp-block-list\"><li>Page principale&nbsp;: Coline Dabestani, Lina Greffet, \u00c9lie Stecyna, Gwendal Surzur et Aurore Valex&nbsp;;<\/li><li>Axe artistique&nbsp;: Cl\u00e9mence Casanova, Coline Dabestani, Ana Hiquet-Sanchez, Nina Gasking et Lucile Landais ;<\/li><li>Axe historique&nbsp;: No\u00eblle Krajcman, Justine Renno, Gwendal Surzur et Aurore Valex ;<\/li><li>Axe linguistique&nbsp;: Johanna Bermudes, Kimberly Bonnel, \u00c9lie Stecyna et Aksel Tourte ;<\/li><li>Axe s\u00e9miologique&nbsp;: Typhaine Coste, Nathan Florent, Lina Greffet et N\u00e9ph\u00e9lie Godin.<\/li><\/ul>\n\n\n\n<h3 class=\"has-text-color wp-block-heading\" style=\"color:#e09e2e\">\u00c9v\u00e9nements<\/h3>\n\n\n\n<ul class=\"wp-block-list\"><li>Conf\u00e9rence-D\u00e9bat&nbsp;: Johanna Bermudes, Coline Dabestani, Nathan Florent et N\u00e9ph\u00e9lie Godin ;<\/li><li>Catalogue d&rsquo;activit\u00e9s &amp; Speed searching&nbsp;: Cl\u00e9mence Casanova, No\u00eblle Krajcman, Justine Renno et \u00c9lie Stecyna ;<\/li><li>Podcasts&nbsp;:  Nina Gasking, Lina Greffet, Gwendal Surzur, Aksel Tourte et Aurore Valex ;<\/li><li>Cin\u00e9-D\u00e9bat&nbsp;: Kimberly Bonnel, Typhaine Coste, Ana Hiquet-Sanchez et Lucile Landais.<\/li><\/ul>\n\n\n\n<h2 class=\"has-text-color wp-block-heading\" style=\"color:#0a4bc1\">Images, multim\u00e9dia<\/h2>\n\n\n\n<p>Les cr\u00e9dits photos, vid\u00e9os et sons sont mentionn\u00e9s en dessous de chaque \u0153uvre utilis\u00e9e. Les photos et illustrations sont soit r\u00e9alis\u00e9es par les auteur\u00b7rices du site, soit des images libres de droit, soit fournies par les intervenant\u00b7es.<\/p>\n\n\n\n<p>Jingle des podcasts et portraits vid\u00e9os&nbsp;: \u00a9&nbsp;Jens East. Modifications \u00a9&nbsp;Aksel Tourte.<\/p>\n\n\n\n<h3 class=\"has-text-color wp-block-heading\" style=\"color:#e09e2e\">Gestion des droits et recherches iconographiques<\/h3>\n\n\n\n<p>Ces travaux ont \u00e9t\u00e9 r\u00e9alis\u00e9s dans un cadre scolaire. Les documents cr\u00e9\u00e9s par l&rsquo;Association Dealers de Science dans le cadre de cette exposition et plus g\u00e9n\u00e9ralement dans le cadre de tous les travaux p\u00e9dagogiques sont sous licence CC-BY-SA (\u00a9&nbsp;Dealers de science).<\/p>\n","protected":false},"excerpt":{"rendered":"<p>Cr\u00e9dits Conception et r\u00e9alisation du site Internet Cl\u00e9mence Casanova et M\u00e9lanie Toto. Avec la participation des autres \u00e9tudiant\u00b7es du master M\u00e9diation des sciences. Auteur\u00b7rices des textes Les \u00e9tudiant\u00b7es du master Information et m\u00e9diation scientifique et technique, parcours M\u00e9diation des sciences (UFR Sciences des territoires et de la communication) sont concepteur\u00b7rices et r\u00e9alisateur\u00b7rices de ce site &hellip;<\/p>\n<p class=\"read-more\"> <a class=\"\" href=\"https:\/\/www.lenquetedessens.dealersdescience.com\/index.php\/credits\/\"> <span class=\"screen-reader-text\">Cr\u00e9dits<\/span> Lire la suite\u00a0\u00bb<\/a><\/p>\n","protected":false},"author":11,"featured_media":5784,"parent":0,"menu_order":0,"comment_status":"closed","ping_status":"closed","template":"","meta":{"site-sidebar-layout":"default","site-content-layout":"default","ast-main-header-display":"","ast-hfb-above-header-display":"","ast-hfb-below-header-display":"","ast-hfb-mobile-header-display":"","site-post-title":"","ast-breadcrumbs-content":"","ast-featured-img":"","footer-sml-layout":"","theme-transparent-header-meta":"default","adv-header-id-meta":"","stick-header-meta":"","header-above-stick-meta":"","header-main-stick-meta":"","header-below-stick-meta":"","footnotes":""},"class_list":["post-430","page","type-page","status-publish","has-post-thumbnail","hentry"],"_links":{"self":[{"href":"https:\/\/www.lenquetedessens.dealersdescience.com\/index.php\/wp-json\/wp\/v2\/pages\/430","targetHints":{"allow":["GET"]}}],"collection":[{"href":"https:\/\/www.lenquetedessens.dealersdescience.com\/index.php\/wp-json\/wp\/v2\/pages"}],"about":[{"href":"https:\/\/www.lenquetedessens.dealersdescience.com\/index.php\/wp-json\/wp\/v2\/types\/page"}],"author":[{"embeddable":true,"href":"https:\/\/www.lenquetedessens.dealersdescience.com\/index.php\/wp-json\/wp\/v2\/users\/11"}],"replies":[{"embeddable":true,"href":"https:\/\/www.lenquetedessens.dealersdescience.com\/index.php\/wp-json\/wp\/v2\/comments?post=430"}],"version-history":[{"count":18,"href":"https:\/\/www.lenquetedessens.dealersdescience.com\/index.php\/wp-json\/wp\/v2\/pages\/430\/revisions"}],"predecessor-version":[{"id":4671,"href":"https:\/\/www.lenquetedessens.dealersdescience.com\/index.php\/wp-json\/wp\/v2\/pages\/430\/revisions\/4671"}],"wp:featuredmedia":[{"embeddable":true,"href":"https:\/\/www.lenquetedessens.dealersdescience.com\/index.php\/wp-json\/wp\/v2\/media\/5784"}],"wp:attachment":[{"href":"https:\/\/www.lenquetedessens.dealersdescience.com\/index.php\/wp-json\/wp\/v2\/media?parent=430"}],"curies":[{"name":"wp","href":"https:\/\/api.w.org\/{rel}","templated":true}]}}

Crédits

<div class="wp-block-cover alignfull" style="background-image:url(https://www.lenquetedessens.dealersdescience.com/wp-content/uploads/2021/01/banniere_generale-scaled.jpg);min-height:411px;background-position:48% 42%;aspect-ratio:unset;"><div class="wp-block-cover__inner-container is-layout-flow wp-block-cover-is-layout-flow">
<p class="has-text-align-center has-large-font-size"></p>
</div></div>



<div style="height:45px" aria-hidden="true" class="wp-block-spacer"></div>



<h1 class="has-text-align-center has-text-color wp-block-heading" style="color:#1b2c31">Crédits</h1>



<h2 class="has-text-color wp-block-heading" style="color:#0a4bc1">Conception et réalisation du site Internet</h2>



<p>Clémence Casanova et Mélanie Toto.</p>



<p>Avec la participation des autres étudiant·es du master Médiation des sciences.</p>



<h2 class="has-text-color wp-block-heading" style="color:#0a4bc1">Auteur·rices des textes</h2>



<p>Les étudiant·es du master Information et médiation scientifique et technique, parcours Médiation des sciences (UFR Sciences des territoires et de la communication) sont concepteur·rices et réalisateur·rices de ce site internet.</p>



<p>Co-habilité par l’Université Bordeaux Montaigne et l’Université de Bordeaux, le master Information et médiation scientifique et technique a pour ambition d’étudier la science, son discours, ses concepts, ses relations avec la société, dans leurs dimensions historiques, philosophiques, sociologiques, éthiques et communicationnelles.</p>



<h3 class="has-text-color wp-block-heading" style="color:#e09e2e">Page d&rsquo;accueil et réseaux sociaux</h3>



<p>Nathan Florent, Néphélie Godin, Ana Hiquet-Sanchez, Lucile Landais, Justine Renno et Aksel Tourte.</p>



<h3 class="has-text-color wp-block-heading" style="color:#e09e2e">Exposition</h3>



<ul class="wp-block-list"><li>Page principale&nbsp;: Coline Dabestani, Lina Greffet, Élie Stecyna, Gwendal Surzur et Aurore Valex&nbsp;;</li><li>Axe artistique&nbsp;: Clémence Casanova, Coline Dabestani, Ana Hiquet-Sanchez, Nina Gasking et Lucile Landais ;</li><li>Axe historique&nbsp;: Noëlle Krajcman, Justine Renno, Gwendal Surzur et Aurore Valex ;</li><li>Axe linguistique&nbsp;: Johanna Bermudes, Kimberly Bonnel, Élie Stecyna et Aksel Tourte ;</li><li>Axe sémiologique&nbsp;: Typhaine Coste, Nathan Florent, Lina Greffet et Néphélie Godin.</li></ul>



<h3 class="has-text-color wp-block-heading" style="color:#e09e2e">Événements</h3>



<ul class="wp-block-list"><li>Conférence-Débat&nbsp;: Johanna Bermudes, Coline Dabestani, Nathan Florent et Néphélie Godin ;</li><li>Catalogue d&rsquo;activités &amp; Speed searching&nbsp;: Clémence Casanova, Noëlle Krajcman, Justine Renno et Élie Stecyna ;</li><li>Podcasts&nbsp;:  Nina Gasking, Lina Greffet, Gwendal Surzur, Aksel Tourte et Aurore Valex ;</li><li>Ciné-Débat&nbsp;: Kimberly Bonnel, Typhaine Coste, Ana Hiquet-Sanchez et Lucile Landais.</li></ul>



<h2 class="has-text-color wp-block-heading" style="color:#0a4bc1">Images, multimédia</h2>



<p>Les crédits photos, vidéos et sons sont mentionnés en dessous de chaque œuvre utilisée. Les photos et illustrations sont soit réalisées par les auteur·rices du site, soit des images libres de droit, soit fournies par les intervenant·es.</p>



<p>Jingle des podcasts et portraits vidéos&nbsp;: ©&nbsp;Jens East. Modifications ©&nbsp;Aksel Tourte.</p>



<h3 class="has-text-color wp-block-heading" style="color:#e09e2e">Gestion des droits et recherches iconographiques</h3>



<p>Ces travaux ont été réalisés dans un cadre scolaire. Les documents créés par l&rsquo;Association Dealers de Science dans le cadre de cette exposition et plus généralement dans le cadre de tous les travaux pédagogiques sont sous licence CC-BY-SA (©&nbsp;Dealers de science).</p>

<p>Crédits Conception et réalisation du site Internet Clémence Casanova et Mélanie Toto. Avec la participation des autres étudiant·es du master Médiation des sciences. Auteur·rices des textes Les étudiant·es du master Information et médiation scientifique et technique, parcours Médiation des sciences (UFR Sciences des territoires et de la communication) sont concepteur·rices et réalisateur·rices de ce site &hellip;</p>
<p class="read-more"> <a class="" href="https://www.lenquetedessens.dealersdescience.com/index.php/credits/"> <span class="screen-reader-text">Crédits</span> Lire la suite »</a></p>
