{"id":70,"date":"2020-11-20T10:05:12","date_gmt":"2020-11-20T09:05:12","guid":{"rendered":"http:\/\/www.lenquetedessens.dealersdescience.com\/?page_id=70"},"modified":"2021-01-19T12:43:41","modified_gmt":"2021-01-19T11:43:41","slug":"evenements","status":"publish","type":"page","link":"https:\/\/www.lenquetedessens.dealersdescience.com\/index.php\/evenements\/","title":{"rendered":"\u00c9v\u00e9nements"},"content":{"rendered":"\n<div class=\"wp-block-cover alignfull\" style=\"background-image:url(https:\/\/www.lenquetedessens.dealersdescience.com\/wp-content\/uploads\/2021\/01\/banniere_generale-scaled.jpg)\"><div class=\"wp-block-cover__inner-container is-layout-flow wp-block-cover-is-layout-flow\">\n<h1 class=\"has-text-align-center wp-block-heading\"><\/h1>\n\n\n\n<h3 class=\"has-text-align-center wp-block-heading\"><\/h3>\n<\/div><\/div>\n\n\n\n<div style=\"height:45px\" aria-hidden=\"true\" class=\"wp-block-spacer\"><\/div>\n\n\n\n<h1 class=\"has-text-align-center wp-block-heading\">\u00c9v\u00e9nements<\/h1>\n\n\n\n<p>R\u00e9partis sur toute la semaine, les traditionnels temps-forts sont, cette ann\u00e9e encore, les \u00e9v\u00e9nements marquants de la Semaine de Culture Scientifique et Technique 2021. R\u00e9invent\u00e9s dans un format 100% num\u00e9rique, ils permettent \u00e0 la th\u00e9matique des sens de s&rsquo;illustrer \u00e0 travers une conf\u00e9rence-d\u00e9bat, <em>L&rsquo;Essence de l&rsquo;humour<\/em>, une s\u00e9rie de podcasts, <em>Dis-leur !<\/em>, un cin\u00e9-d\u00e9bat, <em>M\u00e9tro, boulot&#8230; Philo&nbsp;!<\/em> et un <em>March\u00e9 des connaissances <\/em>exceptionnellement d\u00e9clin\u00e9 en deux formats&nbsp;: un catalogue d&rsquo;activit\u00e9s scientifico-ludiques, <em>Les cinq sens \u00e0 la maison<\/em> et un \u00ab&nbsp;Speed-searching&nbsp;\u00bb, <em>Parle-moi de tes connaissances&nbsp;!<\/em>.<\/p>\n\n\n\n<div style=\"height:45px\" aria-hidden=\"true\" class=\"wp-block-spacer\"><\/div>\n\n\n\n<hr class=\"wp-block-separator has-text-color has-background is-style-wide\" style=\"background-color:#1b2c31;color:#1b2c31\"\/>\n\n\n\n<div style=\"height:45px\" aria-hidden=\"true\" class=\"wp-block-spacer\"><\/div>\n\n\n\n<div class=\"wp-block-image\"><figure class=\"aligncenter size-large\"><img decoding=\"async\" width=\"1024\" height=\"410\" src=\"https:\/\/www.lenquetedessens.dealersdescience.com\/wp-content\/uploads\/2021\/01\/banniere-conf-1024x410.jpg\" alt=\"Titre, L'Essence de l'humour en biais sur un fon de jeu de Scrabble\" class=\"wp-image-3071\" srcset=\"https:\/\/www.lenquetedessens.dealersdescience.com\/wp-content\/uploads\/2021\/01\/banniere-conf-1024x410.jpg 1024w, https:\/\/www.lenquetedessens.dealersdescience.com\/wp-content\/uploads\/2021\/01\/banniere-conf-300x120.jpg 300w, https:\/\/www.lenquetedessens.dealersdescience.com\/wp-content\/uploads\/2021\/01\/banniere-conf-768x307.jpg 768w, https:\/\/www.lenquetedessens.dealersdescience.com\/wp-content\/uploads\/2021\/01\/banniere-conf-1536x614.jpg 1536w, https:\/\/www.lenquetedessens.dealersdescience.com\/wp-content\/uploads\/2021\/01\/banniere-conf-2048x819.jpg 2048w\" sizes=\"(max-width: 1024px) 100vw, 1024px\" \/><\/figure><\/div>\n\n\n\n<h2 class=\"has-text-align-center has-text-color wp-block-heading\" style=\"color:#0a4bc1\">Conf\u00e9rence-d\u00e9bat inaugurale<\/h2>\n\n\n\n<h3 class=\"has-text-align-center has-text-color wp-block-heading\" style=\"color:#e09e2e\">Mardi 19 janvier \u00e0 20&nbsp;h<\/h3>\n\n\n\n<h1 class=\"has-text-align-center has-text-color wp-block-heading\" style=\"color:#1b2c31\">L&rsquo;Essence de l&rsquo;humour<\/h1>\n\n\n\n<p class=\"has-text-align-center\">Cette conf\u00e9rence sera l\u2019occasion d\u2019\u00e9changer sur le sens de l\u2019humour. Trois expert\u00b7es aborderont les myst\u00e9rieux m\u00e9canismes de l\u2019humour, ses bases psychologiques et culturelles. Menez l\u2019enqu\u00eate sur l\u2019essence d\u2019une blague r\u00e9ussie&#8230; ou non.<\/p>\n\n\n\n<p class=\"has-text-align-center\"><strong>La conf\u00e9rence <strong>\u00e0 suivre en direct sur Livestorm<\/strong><\/strong><\/p>\n\n\n\n<div class=\"wp-block-columns alignfull is-layout-flex wp-container-core-columns-is-layout-9d6595d7 wp-block-columns-is-layout-flex\">\n<div class=\"wp-block-column is-layout-flow wp-block-column-is-layout-flow\">\n<div class=\"wp-block-buttons alignright is-layout-flex wp-block-buttons-is-layout-flex\">\n<div class=\"wp-block-button is-style-fill\"><a class=\"wp-block-button__link has-white-color has-text-color has-background\" href=\"https:\/\/www.lenquetedessens.dealersdescience.com\/index.php\/evenements-conference-debat\/\" style=\"border-radius:5px;background-color:#1b2c31\">Acc\u00e9der \u00e0 la page L&rsquo;Essence de l&rsquo;humour<\/a><\/div>\n<\/div>\n<\/div>\n\n\n\n<div class=\"wp-block-column is-layout-flow wp-block-column-is-layout-flow\">\n<div class=\"wp-block-buttons alignleft is-layout-flex wp-block-buttons-is-layout-flex\">\n<div class=\"wp-block-button is-style-fill\"><a class=\"wp-block-button__link has-white-color has-text-color has-background\" href=\"https:\/\/app.livestorm.co\/p\/4f11e24c-77d4-4df5-b2e7-c26e7fe97b8c\" style=\"border-radius:5px;background-color:#1b2c31\">Assister \u00e0 la conf\u00e9rence<\/a><\/div>\n<\/div>\n\n\n\n<p><\/p>\n<\/div>\n<\/div>\n\n\n\n<div style=\"height:45px\" aria-hidden=\"true\" class=\"wp-block-spacer\"><\/div>\n\n\n\n<hr class=\"wp-block-separator has-text-color has-background is-style-wide\" style=\"background-color:#1b2c31;color:#1b2c31\"\/>\n\n\n\n<div style=\"height:45px\" aria-hidden=\"true\" class=\"wp-block-spacer\"><\/div>\n\n\n\n<div class=\"wp-block-image\"><figure class=\"aligncenter size-large\"><img decoding=\"async\" width=\"1024\" height=\"410\" src=\"https:\/\/www.lenquetedessens.dealersdescience.com\/wp-content\/uploads\/2021\/01\/banniere-carte-1024x410.jpg\" alt=\"Titre, Dis-leur ! sur un fond de livres enserr\u00e9s par un casque audio\" class=\"wp-image-3072\" srcset=\"https:\/\/www.lenquetedessens.dealersdescience.com\/wp-content\/uploads\/2021\/01\/banniere-carte-1024x410.jpg 1024w, https:\/\/www.lenquetedessens.dealersdescience.com\/wp-content\/uploads\/2021\/01\/banniere-carte-300x120.jpg 300w, https:\/\/www.lenquetedessens.dealersdescience.com\/wp-content\/uploads\/2021\/01\/banniere-carte-768x307.jpg 768w, https:\/\/www.lenquetedessens.dealersdescience.com\/wp-content\/uploads\/2021\/01\/banniere-carte-1536x614.jpg 1536w, https:\/\/www.lenquetedessens.dealersdescience.com\/wp-content\/uploads\/2021\/01\/banniere-carte-2048x819.jpg 2048w\" sizes=\"(max-width: 1024px) 100vw, 1024px\" \/><\/figure><\/div>\n\n\n\n<h2 class=\"has-text-align-center has-text-color wp-block-heading\" style=\"color:#0a4bc1\">Podcasts<\/h2>\n\n\n\n<h3 class=\"has-text-align-center has-text-color wp-block-heading\" style=\"color:#e09e2e\">D\u00e8s mercredi 20 janvier<\/h3>\n\n\n\n<h1 class=\"has-text-align-center has-text-color wp-block-heading\" style=\"color:#1b2c31\">Dis-leur&nbsp;!<\/h1>\n\n\n\n<p class=\"has-text-align-center\">Dis-leur&nbsp;! Mais dis-leur quoi&nbsp;? Et comment&nbsp;? \u00c0 travers une s\u00e9rie de podcasts, d\u00e9couvrez le sens des mots et des langages en passant par diff\u00e9rentes disciplines. Tendez l\u2019oreille et menez l\u2019enqu\u00eate sur le sens que l\u2019on donne aux mots.<\/p>\n\n\n\n<div class=\"wp-block-buttons aligncenter is-layout-flex wp-block-buttons-is-layout-flex\">\n<div class=\"wp-block-button is-style-fill\"><a class=\"wp-block-button__link has-white-color has-text-color has-background\" href=\"https:\/\/www.lenquetedessens.dealersdescience.com\/index.php\/podcasts\/\" style=\"background-color:#1b2c31\">\u00c9couter les podcasts<\/a><\/div>\n<\/div>\n\n\n\n<div style=\"height:45px\" aria-hidden=\"true\" class=\"wp-block-spacer\"><\/div>\n\n\n\n<hr class=\"wp-block-separator has-text-color has-background is-style-wide\" style=\"background-color:#1b2c31;color:#1b2c31\"\/>\n\n\n\n<div style=\"height:45px\" aria-hidden=\"true\" class=\"wp-block-spacer\"><\/div>\n\n\n\n<div class=\"wp-block-image\"><figure class=\"aligncenter size-large\"><img decoding=\"async\" width=\"1024\" height=\"410\" src=\"https:\/\/www.lenquetedessens.dealersdescience.com\/wp-content\/uploads\/2021\/01\/banniere_moule-1-1024x410.png\" alt=\"Titre : M\u00e9tro, Boulot... Philo ! devant une paire de main appuy\u00e9e sur une rambarde\" class=\"wp-image-1972\" srcset=\"https:\/\/www.lenquetedessens.dealersdescience.com\/wp-content\/uploads\/2021\/01\/banniere_moule-1-1024x410.png 1024w, https:\/\/www.lenquetedessens.dealersdescience.com\/wp-content\/uploads\/2021\/01\/banniere_moule-1-300x120.png 300w, https:\/\/www.lenquetedessens.dealersdescience.com\/wp-content\/uploads\/2021\/01\/banniere_moule-1-768x307.png 768w, https:\/\/www.lenquetedessens.dealersdescience.com\/wp-content\/uploads\/2021\/01\/banniere_moule-1-1536x615.png 1536w, https:\/\/www.lenquetedessens.dealersdescience.com\/wp-content\/uploads\/2021\/01\/banniere_moule-1-2048x820.png 2048w\" sizes=\"(max-width: 1024px) 100vw, 1024px\" \/><\/figure><\/div>\n\n\n\n<h2 class=\"has-text-align-center has-text-color wp-block-heading\" style=\"color:#0a4bc1\">Cin\u00e9-d\u00e9bat<\/h2>\n\n\n\n<h3 class=\"has-text-align-center has-text-color wp-block-heading\" style=\"color:#e09e2e\">Vendredi 22 janvier \u00e0 20 h<\/h3>\n\n\n\n<h1 class=\"has-text-align-center has-text-color wp-block-heading\" style=\"color:#1b2c31\">M\u00e9tro, boulot&#8230; Philo&nbsp;!<\/h1>\n\n\n\n<p class=\"has-text-align-center\">Quelle place donne-t-on au travail dans notre soci\u00e9t\u00e9&nbsp;? La web-s\u00e9rie documentaire <em>Invisibles<\/em>, r\u00e9alis\u00e9e par Henri Poulain, m\u00e8ne l\u2019enqu\u00eate sur les travailleur\u00b7euses du clic, ces emplois dont on ignore souvent l&rsquo;existence. Le d\u00e9bat sera ensuite l\u2019occasion d\u2019entendre les visions d\u2019expert\u00b7es sur ce sujet.&nbsp;<\/p>\n\n\n\n<p class=\"has-text-align-center\"><strong>Cin\u00e9-d\u00e9bat \u00e0 suivre en direct sur Livestorm<\/strong><\/p>\n\n\n\n<div class=\"wp-block-columns alignfull is-layout-flex wp-container-core-columns-is-layout-9d6595d7 wp-block-columns-is-layout-flex\">\n<div class=\"wp-block-column is-layout-flow wp-block-column-is-layout-flow\">\n<div class=\"wp-block-buttons alignright is-layout-flex wp-block-buttons-is-layout-flex\">\n<div class=\"wp-block-button is-style-fill\"><a class=\"wp-block-button__link has-white-color has-text-color has-background\" href=\"https:\/\/www.lenquetedessens.dealersdescience.com\/index.php\/evenement-cine-debat\/\" style=\"border-radius:5px;background-color:#1b2c31\">Acc\u00e9der \u00e0 la page M\u00e9tro, boulot&#8230; Philo !<\/a><\/div>\n<\/div>\n<\/div>\n\n\n\n<div class=\"wp-block-column is-layout-flow wp-block-column-is-layout-flow\">\n<div class=\"wp-block-buttons alignleft is-layout-flex wp-block-buttons-is-layout-flex\">\n<div class=\"wp-block-button is-style-fill\"><a class=\"wp-block-button__link has-white-color has-text-color has-background\" href=\"https:\/\/app.livestorm.co\/p\/bccda463-03c6-4c22-ac1e-603c63407a28\" style=\"border-radius:5px;background-color:#1b2c31\">Assister au cin\u00e9-d\u00e9bat<\/a><\/div>\n<\/div>\n<\/div>\n<\/div>\n\n\n\n<div style=\"height:45px\" aria-hidden=\"true\" class=\"wp-block-spacer\"><\/div>\n\n\n\n<hr class=\"wp-block-separator has-text-color has-background is-style-wide\" style=\"background-color:#1b2c31;color:#1b2c31\"\/>\n\n\n\n<div style=\"height:45px\" aria-hidden=\"true\" class=\"wp-block-spacer\"><\/div>\n\n\n\n<div class=\"wp-block-image\"><figure class=\"aligncenter size-large\"><img decoding=\"async\" width=\"1024\" height=\"410\" src=\"https:\/\/www.lenquetedessens.dealersdescience.com\/wp-content\/uploads\/2021\/01\/banniere-md-1024x410.jpg\" alt=\"Titre : March\u00e9 des connaissances sur un capharnaum de papier, stylos avec un ordinateur\" class=\"wp-image-3077\" srcset=\"https:\/\/www.lenquetedessens.dealersdescience.com\/wp-content\/uploads\/2021\/01\/banniere-md-1024x410.jpg 1024w, https:\/\/www.lenquetedessens.dealersdescience.com\/wp-content\/uploads\/2021\/01\/banniere-md-300x120.jpg 300w, https:\/\/www.lenquetedessens.dealersdescience.com\/wp-content\/uploads\/2021\/01\/banniere-md-768x307.jpg 768w, https:\/\/www.lenquetedessens.dealersdescience.com\/wp-content\/uploads\/2021\/01\/banniere-md-1536x614.jpg 1536w, https:\/\/www.lenquetedessens.dealersdescience.com\/wp-content\/uploads\/2021\/01\/banniere-md-2048x819.jpg 2048w\" sizes=\"(max-width: 1024px) 100vw, 1024px\" \/><\/figure><\/div>\n\n\n\n<h2 class=\"has-text-align-center has-text-color wp-block-heading\" style=\"color:#0a4bc1\">Activit\u00e9s ludiques<\/h2>\n\n\n\n<h3 class=\"has-text-align-center has-text-color wp-block-heading\" style=\"color:#e09e2e\">D\u00e8s mardi 19 janvier<\/h3>\n\n\n\n<h1 class=\"has-text-align-center has-text-color wp-block-heading\" style=\"color:#1b2c31\">Les cinq sens \u00e0 la maison<\/h1>\n\n\n\n<p class=\"has-text-align-center\">Disponible d\u00e8s mardi, <em>Les cinq sens \u00e0 la maison<\/em> est un catalogue qui recense des activit\u00e9s ludiques, des exp\u00e9riences, mais aussi des contenus scientifiques sur les cinq sens physiologiques. Accessible d\u00e8s cinq ans, il permet \u00e0 petit\u00b7es et grand\u00b7es de red\u00e9couvrir les secrets du go\u00fbt, de l\u2019odorat, de l\u2019ou\u00efe, du toucher et de la vision.<\/p>\n\n\n\n<div class=\"wp-block-buttons aligncenter is-layout-flex wp-block-buttons-is-layout-flex\">\n<div class=\"wp-block-button\"><a class=\"wp-block-button__link has-background\" href=\"https:\/\/www.lenquetedessens.dealersdescience.com\/index.php\/cinqsensalamaison\/\" style=\"background-color:#1b2c31\">Acc\u00e9der \u00e0 la page Les cinq sens \u00e0 la maison<\/a><\/div>\n<\/div>\n\n\n\n<h2 class=\"has-text-align-center has-text-color wp-block-heading\" style=\"color:#0a4bc1\">Speed-searching<\/h2>\n\n\n\n<h3 class=\"has-text-align-center has-text-color wp-block-heading\" style=\"color:#e09e2e\">Samedi 23 janvier de 15&nbsp;h \u00e0 19&nbsp;h<\/h3>\n\n\n\n<div style=\"height:35px\" aria-hidden=\"true\" class=\"wp-block-spacer\"><\/div>\n\n\n\n<div class=\"wp-block-image\"><figure class=\"aligncenter size-full is-resized\"><img decoding=\"async\" src=\"http:\/\/www.lenquetedessens.dealersdescience.com\/wp-content\/uploads\/2020\/11\/visuconnai.png\" alt=\"\" class=\"wp-image-398\" width=\"741\" height=\"94\" srcset=\"https:\/\/www.lenquetedessens.dealersdescience.com\/wp-content\/uploads\/2020\/11\/visuconnai.png 988w, https:\/\/www.lenquetedessens.dealersdescience.com\/wp-content\/uploads\/2020\/11\/visuconnai-300x38.png 300w, https:\/\/www.lenquetedessens.dealersdescience.com\/wp-content\/uploads\/2020\/11\/visuconnai-768x97.png 768w\" sizes=\"(max-width: 741px) 100vw, 741px\" \/><\/figure><\/div>\n\n\n\n<div style=\"height:35px\" aria-hidden=\"true\" class=\"wp-block-spacer\"><\/div>\n\n\n\n<h1 class=\"has-text-align-center has-text-color wp-block-heading\" style=\"color:#1b2c31\">Parle-moi de tes connaissances&nbsp;!<\/h1>\n\n\n\n<p class=\"has-text-align-center\">\u00c9v\u00e9nement de cl\u00f4ture de cette semaine sensorielle <em>Parle-moi de tes connaissances&nbsp;! <\/em>est l&rsquo;occasion de venir r\u00e9colter les derniers indices de <em>L&rsquo;Enqu\u00eate des sens<\/em>. Un moment singulier durant lequel des chercheur\u00b7es vous expliqueront leur sujet de recherche de fa\u00e7on rapide et vulgaris\u00e9e. Con\u00e7u selon le format d&rsquo;un \u00ab&nbsp;Speed-searching&nbsp;\u00bb, vous en apprendrez plus sur les cinq sens physiologiques directement aupr\u00e8s de scientifiques ! <\/p>\n\n\n\n<p class=\"has-text-align-center\"><strong><strong>\u00ab<\/strong><\/strong>&nbsp;<strong>Speed-searching \u00bb \u00e0 suivre en direct sur Livestorm<\/strong><\/p>\n\n\n\n<div class=\"wp-block-buttons aligncenter is-layout-flex wp-block-buttons-is-layout-flex\">\n<div class=\"wp-block-button is-style-fill\"><a class=\"wp-block-button__link has-white-color has-text-color has-background\" href=\"https:\/\/www.lenquetedessens.dealersdescience.com\/index.php\/parle-moi-de-tes-connaissances\/\" style=\"border-radius:5px;background-color:#1b2c31\">Acc\u00e9der \u00e0 la page Parle-moi de tes connaissances&nbsp;!<\/a><\/div>\n<\/div>\n","protected":false},"excerpt":{"rendered":"<p>\u00c9v\u00e9nements R\u00e9partis sur toute la semaine, les traditionnels temps-forts sont, cette ann\u00e9e encore, les \u00e9v\u00e9nements marquants de la Semaine de Culture Scientifique et Technique 2021. R\u00e9invent\u00e9s dans un format 100% num\u00e9rique, ils permettent \u00e0 la th\u00e9matique des sens de s&rsquo;illustrer \u00e0 travers une conf\u00e9rence-d\u00e9bat, L&rsquo;Essence de l&rsquo;humour, une s\u00e9rie de podcasts, Dis-leur !, un cin\u00e9-d\u00e9bat, &hellip;<\/p>\n<p class=\"read-more\"> <a class=\"\" href=\"https:\/\/www.lenquetedessens.dealersdescience.com\/index.php\/evenements\/\"> <span class=\"screen-reader-text\">\u00c9v\u00e9nements<\/span> Lire la suite\u00a0\u00bb<\/a><\/p>\n","protected":false},"author":12,"featured_media":5784,"parent":0,"menu_order":0,"comment_status":"closed","ping_status":"closed","template":"","meta":{"site-sidebar-layout":"default","site-content-layout":"default","ast-main-header-display":"","ast-hfb-above-header-display":"","ast-hfb-below-header-display":"","ast-hfb-mobile-header-display":"","site-post-title":"","ast-breadcrumbs-content":"","ast-featured-img":"","footer-sml-layout":"","theme-transparent-header-meta":"default","adv-header-id-meta":"","stick-header-meta":"","header-above-stick-meta":"","header-main-stick-meta":"","header-below-stick-meta":"","footnotes":""},"class_list":["post-70","page","type-page","status-publish","has-post-thumbnail","hentry"],"_links":{"self":[{"href":"https:\/\/www.lenquetedessens.dealersdescience.com\/index.php\/wp-json\/wp\/v2\/pages\/70","targetHints":{"allow":["GET"]}}],"collection":[{"href":"https:\/\/www.lenquetedessens.dealersdescience.com\/index.php\/wp-json\/wp\/v2\/pages"}],"about":[{"href":"https:\/\/www.lenquetedessens.dealersdescience.com\/index.php\/wp-json\/wp\/v2\/types\/page"}],"author":[{"embeddable":true,"href":"https:\/\/www.lenquetedessens.dealersdescience.com\/index.php\/wp-json\/wp\/v2\/users\/12"}],"replies":[{"embeddable":true,"href":"https:\/\/www.lenquetedessens.dealersdescience.com\/index.php\/wp-json\/wp\/v2\/comments?post=70"}],"version-history":[{"count":83,"href":"https:\/\/www.lenquetedessens.dealersdescience.com\/index.php\/wp-json\/wp\/v2\/pages\/70\/revisions"}],"predecessor-version":[{"id":5766,"href":"https:\/\/www.lenquetedessens.dealersdescience.com\/index.php\/wp-json\/wp\/v2\/pages\/70\/revisions\/5766"}],"wp:featuredmedia":[{"embeddable":true,"href":"https:\/\/www.lenquetedessens.dealersdescience.com\/index.php\/wp-json\/wp\/v2\/media\/5784"}],"wp:attachment":[{"href":"https:\/\/www.lenquetedessens.dealersdescience.com\/index.php\/wp-json\/wp\/v2\/media?parent=70"}],"curies":[{"name":"wp","href":"https:\/\/api.w.org\/{rel}","templated":true}]}}