{"id":83,"date":"2020-11-20T10:08:32","date_gmt":"2020-11-20T09:08:32","guid":{"rendered":"http:\/\/www.lenquetedessens.dealersdescience.com\/?page_id=83"},"modified":"2021-01-20T12:19:55","modified_gmt":"2021-01-20T11:19:55","slug":"exposition-numerique-donner-sens","status":"publish","type":"page","link":"https:\/\/www.lenquetedessens.dealersdescience.com\/index.php\/exposition-numerique-donner-sens\/","title":{"rendered":"Exposition Num\u00e9rique"},"content":{"rendered":"\n<div class=\"wp-block-cover alignfull\" style=\"background-image:url(https:\/\/www.lenquetedessens.dealersdescience.com\/wp-content\/uploads\/2021\/01\/banniere_generale-scaled.jpg);min-height:411px;aspect-ratio:unset;\"><div class=\"wp-block-cover__inner-container is-layout-flow wp-block-cover-is-layout-flow\">\n<h1 class=\"has-text-align-center wp-block-heading\"><\/h1>\n\n\n\n<h3 class=\"has-text-align-center wp-block-heading\"><\/h3>\n<\/div><\/div>\n\n\n\n<div style=\"height:45px\" aria-hidden=\"true\" class=\"wp-block-spacer\"><\/div>\n\n\n\n<h1 class=\"has-text-align-center has-text-color wp-block-heading\" style=\"color:#1b2c31\">Exposition num\u00e9rique<\/h1>\n\n\n\n<h2 class=\"has-text-align-center has-text-color wp-block-heading\" style=\"color:#0a4bc1\">Donner sens<\/h2>\n\n\n\n<h3 class=\"has-text-align-center has-text-color wp-block-heading\" style=\"color:#e09e2e\">Mot, \u0153uvre d\u2019art, publicit\u00e9 ou antiquit\u00e9, comment donnons-nous un sens \u00e0 ce qui nous entoure&nbsp;?<\/h3>\n\n\n\n<div style=\"height:45px\" aria-hidden=\"true\" class=\"wp-block-spacer\"><\/div>\n\n\n\n<p>Le sens, c&rsquo;est ce que quelque chose signifie. Un ensemble d&rsquo;id\u00e9es que repr\u00e9sente un signe, un objet ou un mot et ce \u00e0 quoi il se r\u00e9f\u00e8re.&nbsp;<\/p>\n\n\n\n<p>Avec l&rsquo;exposition num\u00e9rique <em>Donner sens<\/em>, menez l\u2019enqu\u00eate sur la construction du sens. Gr\u00e2ce \u00e0 la sociologie, l&rsquo;arch\u00e9ologie, la linguistique\u2026 Plongez au c\u0153ur des id\u00e9es, des significations et de leur(s) \u00e9volution(s) au fil des \u00e9poques. Au-del\u00e0 de l&rsquo;\u00e9cran, explorez nos quatre salles dans lesquelles vous pourrez trouver un sens&nbsp;!<\/p>\n\n\n\n<div style=\"height:45px\" aria-hidden=\"true\" class=\"wp-block-spacer\"><\/div>\n\n\n\n<p>Menez l&rsquo;enqu\u00eate et retrouvez dans l&rsquo;image les quatre salles cach\u00e9es.<\/p>\n\n\n\n<style>\n\t#hotspot-926 .hotspots-image-container,\n\t#hotspot-926 .leaflet-container {\n\t\tbackground: #efefef\t}\n\n\t#hotspot-926 .hotspots-placeholder {\n\t\tbackground: #2E2D29;\n\t\tborder: 0 #2E2D29 solid;\n\t\tcolor: #DFEBE5;\n\t}\n\n\t#hotspot-926 .hotspot-title {\n\t\tcolor: #1b2c31;\n\t}\n\n\t\t\t#hotspot-926 .hotspot-default {\n\t\t\tstroke-width: 2;\n\t\t\tfill: #ffffff;\n\t\t\tfill-opacity: 0;\n\t\t\tstroke: #ffffff;\n\t\t\tstroke-opacity: 0;\n\t\t}\n\t\t#hotspot-926 .hotspot-default:hover,\n\t\t#hotspot-926 .hotspot-default:focus-visible,\n\t\t#hotspot-926 .hotspot-default.hotspot-active {\n\t\t\tfill: #cfdffc;\n\t\t\tfill-opacity: 0.71;\n\t\t\tstroke: #0a4bc1;\n\t\t\tstroke-opacity: 1.01;\n\t\t}\n\t\t#hotspot-926 .leaflet-tooltip,\n\t#hotspot-926 .leaflet-rrose-content-wrapper {\n\t\tbackground: #2E2D29;\n\t\tborder-color: #2E2D29;\n\t\tcolor: #DFEBE5;\n\t}\n\n\t#hotspot-926 a.leaflet-rrose-close-button {\n\t\tcolor: #1b2c31;\n\t}\n\n\t#hotspot-926 .leaflet-rrose-tip {\n\t\tbackground: #2E2D29;\n\t}\n\n\t#hotspot-926 .leaflet-popup-scrolled {\n\t\tborder-bottom-color: #DFEBE5;\n\t\tborder-top-color: #DFEBE5;\n\t}\n\n\t#hotspot-926 .leaflet-tooltip-top:before {\n\t\tborder-top-color: #2E2D29;\n\t}\n\n\t#hotspot-926 .leaflet-tooltip-bottom:before {\n\t\tborder-bottom-color: #2E2D29;\n\t}\n\t#hotspot-926 .leaflet-tooltip-left:before {\n\t\tborder-left-color: #2E2D29;\n\t}\n\t#hotspot-926 .leaflet-tooltip-right:before {\n\t\tborder-right-color: #2E2D29;\n\t}\n<\/style>\n\n\t\n\t<div class=\"hotspots-container links-only layout-left event-click\" id=\"hotspot-926\" data-layout=\"left\" data-trigger=\"click\">\n\t\t<div class=\"hotspots-interaction\">\n\t\t\t<div class=\"hotspots-image-container\">\n\t<img\n\t\twidth=\"2560\"\n\t\theight=\"966\"\n\t\tsrc=\"https:\/\/www.lenquetedessens.dealersdescience.com\/wp-content\/uploads\/2020\/12\/Expo_num-Image-scaled.jpg\"\n\t\talt=\"Image d&#039;entr\u00e9e dans l&#039;exposition &quot;Donner sens&quot;. Une pi\u00e8ce tr\u00e8s claire dans laquelle sont dispos\u00e9s plusieurs objets classiques dans un salon mais aussi des objets plus insolites : la V\u00e9nus de Laussel, le livre &quot;Ils \u00e9taient dix&quot;, une affiche &quot;Mouliex lib\u00e8re la femme&quot; et une robe de la collection Weedrobes.\"\n\t\tclass=\"hotspots-image skip-lazy\"\n\t\tusemap=\"#hotspots-image-926\"\n\t\tdata-image-title=\"Image d&rsquo;accueil\"\n\t\tdata-image-description=\"\"\n\t\tdata-event-trigger=\"click\"\n\t\tdata-always-visible=\"false\"\n\t\tdata-id=\"926\"\n\t\tdata-no-lazy=\"1\"\n\t\tdata-lazy-src=\"\"\n\t\tdata-lazy=\"false\"\n\t\tloading=\"eager\"\n\t\tdata-skip-lazy=\"1\"\n\t\t>\n<\/div>\t\t<\/div>\n\t\t<map name=\"hotspots-image-926\" class=\"hotspots-map\">\n\t\t\t\t\t\t\t\t\t\t\t<area\n\t\t\t\t\tshape=\"polygon\"\n\t\t\t\t\tcoords=\"638,447,632,447,625,451,615,455,607,459,598,461,591,463,582,463,575,466,566,470,558,474,550,477,543,481,539,487,536,494,535,503,535,510,537,521,540,530,541,544,544,557,546,570,549,581,552,587,553,596,556,604,561,608,564,617,567,626,573,636,577,641,583,646,591,649,597,649,607,649,613,653,619,655,628,656,637,656,646,655,653,651,660,649,670,645,677,643,680,636,682,628,685,620,689,613,690,604,693,598,693,587,693,580,689,570,686,563,684,554,681,544,677,533,674,526,669,515,664,506,662,500,661,494,653,488,648,472,648,465,646,454\"\n\t\t\t\t\thref=\"https:\/\/www.lenquetedessens.dealersdescience.com\/index.php\/exposition-numerique-venus-de-laussel-en-quete-de-sens\/\"\n\t\t\t\t\trel=\"\"\n\t\t\t\t\ttitle=\"V\u00e9nus de Laussel : en qu\u00eate de sens\"\n\t\t\t\t\talt=\"V\u00e9nus de Laussel : en qu\u00eate de sens\"\n\t\t\t\t\tdata-action=\"url\"\n\t\t\t\t\tdata-color-scheme=\"\"\n\t\t\t\t\ttarget=\"\"\n\t\t\t\t\tclass=\"url-area\"\n\t\t\t\t\t>\n\t\t\t\t\t\t\t\t\t\t\t<area\n\t\t\t\t\tshape=\"polygon\"\n\t\t\t\t\tcoords=\"1210,671,1368,626,1542,707,1538,778,1363,847,1214,738\"\n\t\t\t\t\thref=\"https:\/\/www.lenquetedessens.dealersdescience.com\/index.php\/exposition-numerique-le-sens-du-mot-en-n-debat-actuel-d-un-mot-du-passe\/\"\n\t\t\t\t\trel=\"\"\n\t\t\t\t\ttitle=\"Le sens du mot en N\"\n\t\t\t\t\talt=\"Le sens du mot en N\"\n\t\t\t\t\tdata-action=\"url\"\n\t\t\t\t\tdata-color-scheme=\"\"\n\t\t\t\t\ttarget=\"\"\n\t\t\t\t\tclass=\"url-area\"\n\t\t\t\t\t>\n\t\t\t\t\t\t\t\t\t\t\t<area\n\t\t\t\t\tshape=\"polygon\"\n\t\t\t\t\tcoords=\"1967,152,1960,155,1959,163,1950,165,1947,159,1939,162,1933,172,1931,178,1936,182,1928,191,1920,198,1917,206,1919,213,1914,219,1906,227,1906,234,1910,240,1918,243,1921,250,1925,256,1932,263,1938,268,1935,277,1936,288,1934,294,1926,300,1915,309,1908,311,1902,320,1898,326,1893,330,1887,335,1886,351,1878,352,1870,358,1867,365,1867,371,1867,378,1862,383,1858,390,1852,398,1847,404,1861,399,1857,409,1853,415,1850,421,1847,427,1845,435,1843,451,1841,458,1839,464,1835,472,1833,479,1832,486,1825,497,1820,502,1816,509,1804,512,1793,514,1787,512,1779,512,1769,512,1762,516,1751,519,1743,524,1736,526,1733,532,1739,540,1749,540,1755,543,1764,545,1762,551,1755,554,1761,561,1762,568,1757,572,1751,578,1744,581,1736,583,1727,589,1720,597,1717,603,1715,611,1712,621,1706,628,1713,632,1715,638,1708,639,1701,640,1706,646,1706,652,1706,660,1697,668,1690,669,1695,675,1701,681,1706,687,1701,693,1699,702,1709,708,1711,717,1721,720,1716,727,1719,736,1726,746,1731,752,1737,747,1746,747,1746,753,1747,761,1753,765,1758,770,1761,780,1764,793,1766,820,1769,843,1771,863,1776,880,1778,901,1775,916,1774,926,1765,930,1747,934,1746,940,1722,935,1713,941,1731,944,1762,944,1782,938,1783,944,1779,950,1771,955,1757,965,2048,965,2057,949,2065,951,2073,954,2077,959,2074,965,2084,965,2092,958,2096,965,2118,965,2136,883,2149,964,2172,966,2173,959,2180,959,2189,957,2197,955,2206,954,2217,957,2223,966,2235,965,2235,950,2244,950,2250,953,2257,956,2265,959,2270,946,2265,941,2259,934,2252,927,2251,917,2256,910,2261,905,2263,898,2266,889,2264,882,2266,872,2266,860,2266,849,2263,833,2263,820,2260,790,2257,746,2258,726,2257,714,2266,721,2271,712,2270,702,2270,694,2282,688,2285,679,2287,673,2278,664,2277,654,2271,650,2269,643,2266,634,2261,630,2261,623,2266,615,2267,607,2262,601,2254,598,2248,595,2245,588,2238,580,2240,571,2238,564,2233,560,2220,550,2224,541,2219,539,2209,550,2202,556,2195,542,2191,537,2189,531,2183,529,2172,532,2166,528,2152,524,2154,517,2145,517,2137,519,2132,515,2135,508,2130,499,2123,479,2131,476,2138,473,2148,474,2157,482,2161,476,2161,462,2156,457,2149,454,2147,448,2153,446,2153,439,2144,431,2136,427,2126,433,2119,436,2121,422,2118,408,2116,397,2109,388,2104,381,2098,378,2104,372,2090,356,2081,351,2074,346,2071,340,2066,333,2062,326,2066,321,2061,315,2057,306,2048,303,2040,305,2035,297,2029,296,2022,292,2016,297,2010,295,2004,298,2002,291,2007,285,2013,282,2024,277,2028,267,2029,258,2034,252,2041,243,2036,235,2035,224,2043,227,2048,222,2049,214,2044,206,2051,192,2048,185,2036,179,2029,174,2022,174,2018,169,2018,162,2010,158,1999,154,1993,152,1990,160,1979,154,1972,156\"\n\t\t\t\t\thref=\"https:\/\/www.lenquetedessens.dealersdescience.com\/index.php\/exposition-numerique-art-et-sensibilisation-ecologique\/\"\n\t\t\t\t\trel=\"\"\n\t\t\t\t\ttitle=\"Art et sensibilisation \u00e9cologique\"\n\t\t\t\t\talt=\"Art et sensibilisation \u00e9cologique\"\n\t\t\t\t\tdata-action=\"url\"\n\t\t\t\t\tdata-color-scheme=\"\"\n\t\t\t\t\ttarget=\"\"\n\t\t\t\t\tclass=\"url-area\"\n\t\t\t\t\t>\n\t\t\t\t\t\t\t\t\t\t\t<area\n\t\t\t\t\tshape=\"polygon\"\n\t\t\t\t\tcoords=\"1096,190,1097,395,745,402,744,162\"\n\t\t\t\t\thref=\"https:\/\/www.lenquetedessens.dealersdescience.com\/index.php\/exposition-numerique-le-sens-de-la-publicite-construction-d-un-stereotype\/\"\n\t\t\t\t\trel=\"\"\n\t\t\t\t\ttitle=\"Le sens dans la publicit\u00e9\"\n\t\t\t\t\talt=\"Le sens dans la publicit\u00e9\"\n\t\t\t\t\tdata-action=\"url\"\n\t\t\t\t\tdata-color-scheme=\"\"\n\t\t\t\t\ttarget=\"\"\n\t\t\t\t\tclass=\"url-area\"\n\t\t\t\t\t>\n\t\t\t\t\t<\/map>\n\n\t\t\n\t\t\t\t\t\t\t\t\t\t\t\t\t\t\t<\/div>\n\n\n\n\n<div style=\"height:45px\" aria-hidden=\"true\" class=\"wp-block-spacer\"><\/div>\n\n\n\n<p>Ou acc\u00e9dez aux quatre salles par ces liens&nbsp;:<\/p>\n\n\n\n<div class=\"wp-block-columns is-layout-flex wp-container-core-columns-is-layout-9d6595d7 wp-block-columns-is-layout-flex\">\n<div class=\"wp-block-column is-vertically-aligned-center is-layout-flow wp-block-column-is-layout-flow\">\n<div class=\"wp-block-buttons is-layout-flex wp-block-buttons-is-layout-flex\">\n<div class=\"wp-block-button is-style-fill\"><a class=\"wp-block-button__link has-white-color has-text-color has-background\" href=\"https:\/\/www.lenquetedessens.dealersdescience.com\/index.php\/exposition-numerique-venus-de-laussel-en-quete-de-sens\/\" style=\"background-color:#1b2c31\">V\u00e9nus de Laussel : en qu\u00eate de sens<\/a><\/div>\n<\/div>\n<\/div>\n\n\n\n<div class=\"wp-block-column is-vertically-aligned-center is-layout-flow wp-block-column-is-layout-flow\">\n<div class=\"wp-block-buttons is-layout-flex wp-block-buttons-is-layout-flex\">\n<div class=\"wp-block-button is-style-fill\"><a class=\"wp-block-button__link has-white-color has-text-color has-background\" href=\"https:\/\/www.lenquetedessens.dealersdescience.com\/index.php\/exposition-numerique-le-sens-de-la-publicite-construction-d-un-stereotype\/\" style=\"background-color:#1b2c31\">Le sens dans la publicit\u00e9&nbsp;: construction d\u2019un st\u00e9r\u00e9otype&nbsp;?<\/a><\/div>\n<\/div>\n<\/div>\n\n\n\n<div class=\"wp-block-column is-vertically-aligned-center is-layout-flow wp-block-column-is-layout-flow\">\n<div class=\"wp-block-buttons is-layout-flex wp-block-buttons-is-layout-flex\">\n<div class=\"wp-block-button is-style-fill\"><a class=\"wp-block-button__link has-white-color has-text-color has-background\" href=\"https:\/\/www.lenquetedessens.dealersdescience.com\/index.php\/exposition-numerique-le-sens-du-mot-en-n-debat-actuel-d-un-mot-du-passe\/\" style=\"background-color:#1b2c31\">Le sens du mot en N&nbsp;: d\u00e9bat actuel d&rsquo;un mot du pass\u00e9<\/a><\/div>\n<\/div>\n<\/div>\n\n\n\n<div class=\"wp-block-column is-vertically-aligned-center is-layout-flow wp-block-column-is-layout-flow\">\n<div class=\"wp-block-buttons is-layout-flex wp-block-buttons-is-layout-flex\">\n<div class=\"wp-block-button is-style-fill\"><a class=\"wp-block-button__link has-white-color has-text-color has-background\" href=\"https:\/\/www.lenquetedessens.dealersdescience.com\/index.php\/exposition-numerique-art-et-sensibilisation-ecologique\/\" style=\"background-color:#1b2c31\">Art et sensibilisation \u00e9cologique<\/a><\/div>\n<\/div>\n<\/div>\n<\/div>\n\n\n\n<div style=\"height:45px\" aria-hidden=\"true\" class=\"wp-block-spacer\"><\/div>\n\n\n\n<p><a href=\"https:\/\/www.lenquetedessens.dealersdescience.com\/index.php\/ours\/\" data-type=\"page\" data-id=\"1924\">Ours<\/a><\/p>\n","protected":false},"excerpt":{"rendered":"<p>Exposition num\u00e9rique Donner sens Mot, \u0153uvre d\u2019art, publicit\u00e9 ou antiquit\u00e9, comment donnons-nous un sens \u00e0 ce qui nous entoure&nbsp;? Le sens, c&rsquo;est ce que quelque chose signifie. Un ensemble d&rsquo;id\u00e9es que repr\u00e9sente un signe, un objet ou un mot et ce \u00e0 quoi il se r\u00e9f\u00e8re.&nbsp; Avec l&rsquo;exposition num\u00e9rique Donner sens, menez l\u2019enqu\u00eate sur la &hellip;<\/p>\n<p class=\"read-more\"> <a class=\"\" href=\"https:\/\/www.lenquetedessens.dealersdescience.com\/index.php\/exposition-numerique-donner-sens\/\"> <span class=\"screen-reader-text\">Exposition Num\u00e9rique<\/span> Lire la suite\u00a0\u00bb<\/a><\/p>\n","protected":false},"author":12,"featured_media":5784,"parent":0,"menu_order":0,"comment_status":"closed","ping_status":"closed","template":"","meta":{"site-sidebar-layout":"default","site-content-layout":"default","ast-main-header-display":"","ast-hfb-above-header-display":"","ast-hfb-below-header-display":"","ast-hfb-mobile-header-display":"","site-post-title":"","ast-breadcrumbs-content":"","ast-featured-img":"","footer-sml-layout":"","theme-transparent-header-meta":"default","adv-header-id-meta":"","stick-header-meta":"","header-above-stick-meta":"","header-main-stick-meta":"","header-below-stick-meta":"","footnotes":""},"class_list":["post-83","page","type-page","status-publish","has-post-thumbnail","hentry"],"_links":{"self":[{"href":"https:\/\/www.lenquetedessens.dealersdescience.com\/index.php\/wp-json\/wp\/v2\/pages\/83","targetHints":{"allow":["GET"]}}],"collection":[{"href":"https:\/\/www.lenquetedessens.dealersdescience.com\/index.php\/wp-json\/wp\/v2\/pages"}],"about":[{"href":"https:\/\/www.lenquetedessens.dealersdescience.com\/index.php\/wp-json\/wp\/v2\/types\/page"}],"author":[{"embeddable":true,"href":"https:\/\/www.lenquetedessens.dealersdescience.com\/index.php\/wp-json\/wp\/v2\/users\/12"}],"replies":[{"embeddable":true,"href":"https:\/\/www.lenquetedessens.dealersdescience.com\/index.php\/wp-json\/wp\/v2\/comments?post=83"}],"version-history":[{"count":37,"href":"https:\/\/www.lenquetedessens.dealersdescience.com\/index.php\/wp-json\/wp\/v2\/pages\/83\/revisions"}],"predecessor-version":[{"id":6032,"href":"https:\/\/www.lenquetedessens.dealersdescience.com\/index.php\/wp-json\/wp\/v2\/pages\/83\/revisions\/6032"}],"wp:featuredmedia":[{"embeddable":true,"href":"https:\/\/www.lenquetedessens.dealersdescience.com\/index.php\/wp-json\/wp\/v2\/media\/5784"}],"wp:attachment":[{"href":"https:\/\/www.lenquetedessens.dealersdescience.com\/index.php\/wp-json\/wp\/v2\/media?parent=83"}],"curies":[{"name":"wp","href":"https:\/\/api.w.org\/{rel}","templated":true}]}}